CRAN Package Check Results for Package ggplot2

Last updated on 2021-09-19 15:49:15 CEST.

Flavor Version Tinstall Tcheck Ttotal Status Flags
r-devel-linux-x86_64-debian-clang 3.3.5 32.15 397.70 429.85 OK
r-devel-linux-x86_64-debian-gcc 3.3.5 22.31 280.16 302.47 OK
r-devel-linux-x86_64-fedora-clang 3.3.5 473.82 NOTE
r-devel-linux-x86_64-fedora-gcc 3.3.5 468.95 NOTE
r-devel-windows-x86_64 3.3.5 29.00 465.00 494.00 OK
r-devel-windows-x86_64-gcc10-UCRT 3.3.5 ERROR
r-patched-linux-x86_64 3.3.5 36.69 364.66 401.35 OK
r-patched-solaris-x86 3.3.5 583.20 NOTE
r-release-linux-x86_64 3.3.5 24.60 372.14 396.74 OK
r-release-macos-arm64 3.3.5 NOTE
r-release-macos-x86_64 3.3.5 NOTE
r-release-windows-ix86+x86_64 3.3.5 46.00 351.00 397.00 OK
r-oldrel-macos-x86_64 3.3.5 NOTE
r-oldrel-windows-ix86+x86_64 3.3.5 45.00 412.00 457.00 OK

Check Details

Version: 3.3.5
Check: dependencies in R code
Result: NOTE
    Namespace in Imports field not imported from: ‘mgcv’
     All declared Imports should be used.
Flavors: r-devel-linux-x86_64-fedora-clang, r-devel-linux-x86_64-fedora-gcc, r-devel-windows-x86_64-gcc10-UCRT, r-patched-solaris-x86, r-release-macos-arm64, r-release-macos-x86_64, r-oldrel-macos-x86_64

Version: 3.3.5
Check: whether package can be installed
Result: WARN
    Found the following significant warnings:
     WARNING: installation-time patches will not be applied, could not get the patches index
Flavor: r-devel-windows-x86_64-gcc10-UCRT

Version: 3.3.5
Check: PDF version of manual
Result: WARN
    LaTeX errors when creating PDF version.
    This typically indicates Rd problems.
Flavor: r-devel-windows-x86_64-gcc10-UCRT

Version: 3.3.5
Check: PDF version of manual without hyperrefs or index
Result: ERROR
    Re-running with no redirection of stdout/stderr.
Flavor: r-devel-windows-x86_64-gcc10-UCRT

Version: 3.3.5
Check: installed package size
Result: NOTE
     installed size is 5.5Mb
     sub-directories of 1Mb or more:
     R 1.4Mb
     doc 2.0Mb
Flavors: r-patched-solaris-x86, r-release-macos-arm64