CRAN Package Check Results for Package ggnewscale

Last updated on 2021-10-27 15:51:52 CEST.

Flavor Version Tinstall Tcheck Ttotal Status Flags
r-devel-linux-x86_64-debian-clang 0.4.5 4.10 48.48 52.58 NOTE
r-devel-linux-x86_64-debian-gcc 0.4.5 3.22 36.01 39.23 NOTE
r-devel-linux-x86_64-fedora-clang 0.4.5 73.84 NOTE
r-devel-linux-x86_64-fedora-gcc 0.4.5 60.21 NOTE
r-devel-windows-x86_64 0.4.5 10.00 68.00 78.00 NOTE
r-devel-windows-x86_64-gcc10-UCRT 0.4.5 NOTE
r-patched-linux-x86_64 0.4.5 3.69 44.65 48.34 NOTE
r-patched-solaris-x86 0.4.5 88.90 NOTE
r-release-linux-x86_64 0.4.5 3.99 44.63 48.62 NOTE
r-release-macos-arm64 0.4.5 NOTE
r-release-macos-x86_64 0.4.5 NOTE
r-release-windows-ix86+x86_64 0.4.5 10.00 65.00 75.00 NOTE
r-oldrel-macos-x86_64 0.4.5 OK
r-oldrel-windows-ix86+x86_64 0.4.5 14.00 67.00 81.00 OK

Check Details

Version: 0.4.5
Check: LazyData
Result: NOTE
     'LazyData' is specified without a 'data' directory
Flavors: r-devel-linux-x86_64-debian-clang, r-devel-linux-x86_64-debian-gcc, r-devel-linux-x86_64-fedora-clang, r-devel-linux-x86_64-fedora-gcc, r-devel-windows-x86_64, r-devel-windows-x86_64-gcc10-UCRT, r-patched-linux-x86_64, r-patched-solaris-x86, r-release-linux-x86_64, r-release-macos-arm64, r-release-macos-x86_64, r-release-windows-ix86+x86_64