CRAN Package Check Results for Package ggnetwork

Last updated on 2021-10-22 03:55:23 CEST.

Flavor Version Tinstall Tcheck Ttotal Status Flags
r-devel-linux-x86_64-debian-clang 0.5.10 4.99 73.59 78.58 OK
r-devel-linux-x86_64-debian-gcc 0.5.10 3.90 54.90 58.80 OK
r-devel-linux-x86_64-fedora-clang 0.5.10 102.38 NOTE
r-devel-linux-x86_64-fedora-gcc 0.5.10 90.33 NOTE
r-devel-windows-x86_64 0.5.10 9.00 104.00 113.00 OK
r-devel-windows-x86_64-gcc10-UCRT 0.5.10 ERROR
r-patched-linux-x86_64 0.5.10 10.65 67.73 78.38 OK
r-patched-solaris-x86 0.5.10 123.50 NOTE
r-release-linux-x86_64 0.5.10 4.83 67.48 72.31 OK
r-release-macos-arm64 0.5.10 NOTE
r-release-macos-x86_64 0.5.10 NOTE
r-release-windows-ix86+x86_64 0.5.10 17.00 95.00 112.00 OK
r-oldrel-macos-x86_64 0.5.10 NOTE
r-oldrel-windows-ix86+x86_64 0.5.10 12.00 96.00 108.00 OK

Check Details

Version: 0.5.10
Check: dependencies in R code
Result: NOTE
    Namespaces in Imports field not imported from:
     ‘sna’ ‘utils’
     All declared Imports should be used.
Flavors: r-devel-linux-x86_64-fedora-clang, r-devel-linux-x86_64-fedora-gcc, r-patched-solaris-x86, r-release-macos-arm64, r-release-macos-x86_64, r-oldrel-macos-x86_64

Version: 0.5.10
Check: package dependencies
Result: ERROR
    Package required but not available: 'igraph'
    
    See section 'The DESCRIPTION file' in the 'Writing R Extensions'
    manual.
Flavor: r-devel-windows-x86_64-gcc10-UCRT