CRAN Package Check Results for Package ggmosaic

Last updated on 2021-11-28 15:48:42 CET.

Flavor Version Tinstall Tcheck Ttotal Status Flags
r-devel-linux-x86_64-debian-clang 0.3.3 OK
r-devel-linux-x86_64-debian-gcc 0.3.3 7.35 66.70 74.05 OK
r-devel-linux-x86_64-fedora-clang 0.3.3 128.49 NOTE
r-devel-linux-x86_64-fedora-gcc 0.3.3 112.93 NOTE
r-devel-windows-x86_64-new-UL 0.3.3 21.00 136.00 157.00 OK
r-devel-windows-x86_64-new-TK 0.3.3 NOTE
r-devel-windows-x86_64-old 0.3.3 13.00 117.00 130.00 OK
r-patched-linux-x86_64 0.3.3 9.61 81.33 90.94 OK
r-patched-solaris-x86 0.3.3 134.20 NOTE
r-release-linux-x86_64 0.3.3 8.52 82.57 91.09 OK
r-release-macos-arm64 0.3.3 NOTE
r-release-macos-x86_64 0.3.3 NOTE
r-release-windows-ix86+x86_64 0.3.3 21.00 77.00 98.00 OK
r-oldrel-macos-x86_64 0.3.3 NOTE
r-oldrel-windows-ix86+x86_64 0.3.3 21.00 110.00 131.00 OK

Check Details

Version: 0.3.3
Check: dependencies in R code
Result: NOTE
    Namespaces in Imports field not imported from:
     ‘productplots’ ‘scales’
     All declared Imports should be used.
Flavors: r-devel-linux-x86_64-fedora-clang, r-devel-linux-x86_64-fedora-gcc, r-devel-windows-x86_64-new-TK, r-patched-solaris-x86, r-release-macos-arm64, r-release-macos-x86_64, r-oldrel-macos-x86_64