CRAN Package Check Results for Package ggjoy

Last updated on 2021-10-24 03:51:10 CEST.

Flavor Version Tinstall Tcheck Ttotal Status Flags
r-devel-linux-x86_64-debian-clang 0.4.1 3.77 45.31 49.08 NOTE
r-devel-linux-x86_64-debian-gcc 0.4.1 3.75 34.09 37.84 NOTE
r-devel-linux-x86_64-fedora-clang 0.4.1 70.62 NOTE
r-devel-linux-x86_64-fedora-gcc 0.4.1 58.61 NOTE
r-devel-windows-x86_64 0.4.1 10.00 67.00 77.00 NOTE
r-devel-windows-x86_64-gcc10-UCRT 0.4.1 NOTE
r-patched-linux-x86_64 0.4.1 8.24 43.00 51.24 NOTE
r-patched-solaris-x86 0.4.1 86.40 NOTE
r-release-linux-x86_64 0.4.1 3.54 42.10 45.64 NOTE
r-release-macos-arm64 0.4.1 NOTE
r-release-macos-x86_64 0.4.1 NOTE
r-release-windows-ix86+x86_64 0.4.1 8.00 67.00 75.00 NOTE
r-oldrel-macos-x86_64 0.4.1 OK
r-oldrel-windows-ix86+x86_64 0.4.1 13.00 66.00 79.00 OK

Check Details

Version: 0.4.1
Check: LazyData
Result: NOTE
     'LazyData' is specified without a 'data' directory
Flavors: r-devel-linux-x86_64-debian-clang, r-devel-linux-x86_64-debian-gcc, r-devel-linux-x86_64-fedora-clang, r-devel-linux-x86_64-fedora-gcc, r-devel-windows-x86_64, r-devel-windows-x86_64-gcc10-UCRT, r-patched-linux-x86_64, r-patched-solaris-x86, r-release-linux-x86_64, r-release-macos-arm64, r-release-macos-x86_64, r-release-windows-ix86+x86_64