CRAN Package Check Results for Package ggiraph

Last updated on 2021-12-03 15:52:19 CET.

Flavor Version Tinstall Tcheck Ttotal Status Flags
r-devel-linux-x86_64-debian-clang 0.7.10 63.57 158.33 221.90 OK
r-devel-linux-x86_64-debian-gcc 0.7.10 49.20 115.35 164.55 OK
r-devel-linux-x86_64-fedora-clang 0.7.10 287.28 OK
r-devel-linux-x86_64-fedora-gcc 0.7.10 267.25 OK
r-devel-windows-x86_64-new-UL 0.7.10 104.00 250.00 354.00 OK
r-devel-windows-x86_64-new-TK 0.7.10 OK
r-devel-windows-x86_64-old 0.7.10 90.00 149.00 239.00 OK
r-patched-linux-x86_64 0.7.10 63.62 142.35 205.97 OK
r-release-linux-x86_64 0.7.10 61.84 141.17 203.01 OK
r-release-macos-arm64 0.7.10 NOTE
r-release-macos-x86_64 0.7.10 NOTE
r-release-windows-ix86+x86_64 0.7.10 160.00 318.00 478.00 OK
r-oldrel-macos-x86_64 0.7.10 NOTE
r-oldrel-windows-ix86+x86_64 0.7.10 162.00 315.00 477.00 OK

Check Details

Version: 0.7.10
Check: installed package size
Result: NOTE
     installed size is 5.7Mb
     sub-directories of 1Mb or more:
     libs 4.5Mb
Flavors: r-release-macos-arm64, r-release-macos-x86_64, r-oldrel-macos-x86_64