CRAN Package Check Results for Package ggfan

Last updated on 2021-10-26 15:51:11 CEST.

Flavor Version Tinstall Tcheck Ttotal Status Flags
r-devel-linux-x86_64-debian-clang 0.1.3 8.95 108.09 117.04 OK
r-devel-linux-x86_64-debian-gcc 0.1.3 7.80 80.80 88.60 OK
r-devel-linux-x86_64-fedora-clang 0.1.3 146.58 NOTE
r-devel-linux-x86_64-fedora-gcc 0.1.3 136.26 NOTE
r-devel-windows-x86_64 0.1.3 17.00 146.00 163.00 OK
r-devel-windows-x86_64-gcc10-UCRT 0.1.3 NOTE
r-patched-linux-x86_64 0.1.3 15.74 103.42 119.16 OK
r-patched-solaris-x86 0.1.3 197.30 NOTE
r-release-linux-x86_64 0.1.3 7.82 103.85 111.67 OK
r-release-macos-arm64 0.1.3 NOTE
r-release-macos-x86_64 0.1.3 NOTE
r-release-windows-ix86+x86_64 0.1.3 13.00 140.00 153.00 OK
r-oldrel-macos-x86_64 0.1.3 NOTE
r-oldrel-windows-ix86+x86_64 0.1.3 20.00 141.00 161.00 OK

Check Details

Version: 0.1.3
Check: dependencies in R code
Result: NOTE
    Namespaces in Imports field not imported from:
     ‘colorspace’ ‘grid’ ‘rstan’
     All declared Imports should be used.
Flavors: r-devel-linux-x86_64-fedora-clang, r-devel-linux-x86_64-fedora-gcc, r-devel-windows-x86_64-gcc10-UCRT, r-patched-solaris-x86, r-release-macos-arm64, r-release-macos-x86_64, r-oldrel-macos-x86_64