CRAN Package Check Results for Package ggenealogy

Last updated on 2021-10-17 03:52:04 CEST.

Flavor Version Tinstall Tcheck Ttotal Status Flags
r-devel-linux-x86_64-debian-clang 1.0.1 4.61 176.76 181.37 OK
r-devel-linux-x86_64-debian-gcc 1.0.1 3.39 135.65 139.04 OK
r-devel-linux-x86_64-fedora-clang 1.0.1 229.93 NOTE
r-devel-linux-x86_64-fedora-gcc 1.0.1 216.85 NOTE
r-devel-windows-x86_64 1.0.1 7.00 240.00 247.00 OK
r-devel-windows-x86_64-gcc10-UCRT 1.0.1 NOTE
r-patched-linux-x86_64 1.0.1 4.17 180.05 184.22 OK
r-patched-solaris-x86 1.0.1 273.00 NOTE
r-release-linux-x86_64 1.0.1 4.70 176.87 181.57 OK
r-release-macos-arm64 1.0.1 NOTE
r-release-macos-x86_64 1.0.1 NOTE
r-release-windows-ix86+x86_64 1.0.1 10.00 224.00 234.00 OK
r-oldrel-macos-x86_64 1.0.1 NOTE
r-oldrel-windows-ix86+x86_64 1.0.1 8.00 217.00 225.00 OK

Check Details

Version: 1.0.1
Check: dependencies in R code
Result: NOTE
    Namespace in Imports field not imported from: ‘tibble’
     All declared Imports should be used.
Flavors: r-devel-linux-x86_64-fedora-clang, r-devel-linux-x86_64-fedora-gcc, r-devel-windows-x86_64-gcc10-UCRT, r-patched-solaris-x86, r-release-macos-arm64, r-release-macos-x86_64, r-oldrel-macos-x86_64

Version: 1.0.1
Check: data for non-ASCII characters
Result: NOTE
     Note: found 2356 marked UTF-8 strings
Flavors: r-devel-linux-x86_64-fedora-clang, r-devel-linux-x86_64-fedora-gcc, r-devel-windows-x86_64-gcc10-UCRT, r-patched-solaris-x86, r-release-macos-arm64, r-release-macos-x86_64, r-oldrel-macos-x86_64