CRAN Package Check Results for Package ggdist

Last updated on 2021-12-06 03:52:59 CET.

Flavor Version Tinstall Tcheck Ttotal Status Flags
r-devel-linux-x86_64-debian-clang 3.0.1 14.01 268.69 282.70 OK
r-devel-linux-x86_64-debian-gcc 3.0.1 11.66 198.11 209.77 OK
r-devel-linux-x86_64-fedora-clang 3.0.1 326.98 OK
r-devel-linux-x86_64-fedora-gcc 3.0.1 337.11 OK
r-devel-windows-x86_64-new-UL 3.0.1 37.00 334.00 371.00 OK
r-devel-windows-x86_64-new-TK 3.0.1 OK
r-devel-windows-x86_64-old 3.0.1 22.00 321.00 343.00 OK
r-patched-linux-x86_64 3.0.1 21.01 238.38 259.39 OK
r-release-linux-x86_64 3.0.1 12.15 248.12 260.27 OK
r-release-macos-arm64 3.0.1 OK
r-release-macos-x86_64 3.0.1 OK
r-release-windows-ix86+x86_64 3.0.1 22.00 244.00 266.00 OK
r-oldrel-macos-x86_64 3.0.1 OK
r-oldrel-windows-ix86+x86_64 3.0.0 27.00 305.00 332.00 NOTE

Check Details

Version: 3.0.0
Check: R code for possible problems
Result: NOTE
    make_gradient_fill: no visible binding for global variable
     'linearGradient'
    Undefined global functions or variables:
     linearGradient
Flavor: r-oldrel-windows-ix86+x86_64