CRAN Package Check Results for Package ggconf

Last updated on 2021-10-26 15:51:11 CEST.

Flavor Version Tinstall Tcheck Ttotal Status Flags
r-devel-linux-x86_64-debian-clang 0.1.3 27.31 57.37 84.68 NOTE
r-devel-linux-x86_64-debian-gcc 0.1.3 22.06 42.67 64.73 NOTE
r-devel-linux-x86_64-fedora-clang 0.1.3 116.69 NOTE
r-devel-linux-x86_64-fedora-gcc 0.1.3 106.94 NOTE
r-devel-windows-x86_64 0.1.3 45.00 81.00 126.00 NOTE
r-devel-windows-x86_64-gcc10-UCRT 0.1.3 NOTE
r-patched-linux-x86_64 0.1.3 25.28 52.33 77.61 NOTE
r-patched-solaris-x86 0.1.3 135.70 NOTE
r-release-linux-x86_64 0.1.3 25.65 53.42 79.07 NOTE
r-release-macos-arm64 0.1.3 NOTE
r-release-macos-x86_64 0.1.3 NOTE
r-release-windows-ix86+x86_64 0.1.3 33.00 74.00 107.00 NOTE
r-oldrel-macos-x86_64 0.1.3 OK
r-oldrel-windows-ix86+x86_64 0.1.3 50.00 75.00 125.00 OK

Check Details

Version: 0.1.3
Check: LazyData
Result: NOTE
     'LazyData' is specified without a 'data' directory
Flavors: r-devel-linux-x86_64-debian-clang, r-devel-linux-x86_64-debian-gcc, r-devel-linux-x86_64-fedora-clang, r-devel-linux-x86_64-fedora-gcc, r-devel-windows-x86_64, r-devel-windows-x86_64-gcc10-UCRT, r-patched-linux-x86_64, r-patched-solaris-x86, r-release-linux-x86_64, r-release-macos-arm64, r-release-macos-x86_64, r-release-windows-ix86+x86_64