Last updated on 2023-06-07 04:04:00 CEST.
Flavor | Version | Tinstall | Tcheck | Ttotal | Status | Flags |
---|---|---|---|---|---|---|
r-devel-linux-x86_64-debian-clang | 1.0.1 | 2.01 | 27.54 | 29.55 | NOTE | |
r-devel-linux-x86_64-debian-gcc | 1.0.1 | 1.48 | 21.88 | 23.36 | NOTE | |
r-devel-linux-x86_64-fedora-clang | 1.0.1 | 37.84 | NOTE | |||
r-devel-linux-x86_64-fedora-gcc | 1.0.1 | 35.99 | NOTE | |||
r-devel-windows-x86_64 | 1.0.1 | 5.00 | 50.00 | 55.00 | NOTE | |
r-patched-linux-x86_64 | 1.0.1 | 1.77 | 26.86 | 28.63 | NOTE | |
r-release-linux-x86_64 | 1.0.1 | 1.51 | 26.99 | 28.50 | NOTE | |
r-release-macos-arm64 | 1.0.1 | 18.00 | NOTE | |||
r-release-macos-x86_64 | 1.0.1 | 24.00 | NOTE | |||
r-release-windows-x86_64 | 1.0.1 | 4.00 | 50.00 | 54.00 | NOTE | |
r-oldrel-macos-arm64 | 1.0.1 | 19.00 | NOTE | |||
r-oldrel-macos-x86_64 | 1.0.1 | 23.00 | NOTE | |||
r-oldrel-windows-x86_64 | 1.0.1 | 4.00 | 52.00 | 56.00 | NOTE |
Version: 1.0.1
Check: LazyData
Result: NOTE
'LazyData' is specified without a 'data' directory
Flavors: r-devel-linux-x86_64-debian-clang, r-devel-linux-x86_64-debian-gcc, r-devel-linux-x86_64-fedora-clang, r-devel-linux-x86_64-fedora-gcc, r-devel-windows-x86_64, r-patched-linux-x86_64, r-release-linux-x86_64, r-release-macos-arm64, r-release-macos-x86_64, r-release-windows-x86_64, r-oldrel-macos-arm64, r-oldrel-macos-x86_64, r-oldrel-windows-x86_64