CRAN Package Check Results for Package ggQC

Last updated on 2024-07-19 16:57:25 CEST.

Flavor Version Tinstall Tcheck Ttotal Status Flags
r-devel-linux-x86_64-debian-clang 0.0.31 7.57 101.43 109.00 NOTE
r-devel-linux-x86_64-debian-gcc 0.0.31 6.47 75.84 82.31 NOTE
r-devel-linux-x86_64-fedora-clang 0.0.31 137.38 NOTE
r-devel-linux-x86_64-fedora-gcc 0.0.31 142.51 NOTE
r-devel-windows-x86_64 0.0.31 10.00 106.00 116.00 NOTE
r-patched-linux-x86_64 0.0.31 17.07 96.34 113.41 NOTE
r-release-linux-x86_64 0.0.31 4.96 97.29 102.25 NOTE
r-release-macos-arm64 0.0.31 44.00 NOTE
r-release-macos-x86_64 0.0.31 67.00 NOTE
r-release-windows-x86_64 0.0.31 9.00 102.00 111.00 NOTE
r-oldrel-macos-arm64 0.0.31 46.00 NOTE
r-oldrel-macos-x86_64 0.0.31 70.00 NOTE
r-oldrel-windows-x86_64 0.0.31 10.00 125.00 135.00 NOTE

Check Details

Version: 0.0.31
Check: LazyData
Result: NOTE 'LazyData' is specified without a 'data' directory Flavors: r-devel-linux-x86_64-debian-clang, r-devel-linux-x86_64-debian-gcc, r-devel-linux-x86_64-fedora-clang, r-devel-linux-x86_64-fedora-gcc, r-devel-windows-x86_64, r-patched-linux-x86_64, r-release-linux-x86_64, r-release-macos-arm64, r-release-macos-x86_64, r-release-windows-x86_64, r-oldrel-macos-arm64, r-oldrel-macos-x86_64, r-oldrel-windows-x86_64

Version: 0.0.31
Check: Rd cross-references
Result: NOTE Found the following Rd file(s) with Rd \link{} targets missing package anchors: stat_QC.Rd: aes, aes_, ggplot, fortify, borders, layer stat_QC_CAPA.Rd: aes, aes_, ggplot, fortify, borders, layer stat_QC_cap_hlabels.Rd: aes, aes_, ggplot, fortify, borders, layer stat_QC_cap_hlines.Rd: aes, aes_, ggplot, fortify, borders, layer stat_QC_cap_summary.Rd: aes, aes_, ggplot, fortify, borders, layer stat_QC_cap_vlabels.Rd: aes, aes_, ggplot, fortify, borders, layer stat_QC_cap_vlines.Rd: aes, aes_, ggplot, fortify, borders, layer stat_QC_labels.Rd: aes, aes_, ggplot, fortify, borders, layer stat_mR.Rd: aes, aes_, ggplot, fortify, borders, layer stat_pareto.Rd: aes, aes_, ggplot, fortify, borders, layer stat_qc_violations.Rd: aes, aes_, ggplot, fortify, borders, layer Please provide package anchors for all Rd \link{} targets not in the package itself and the base packages. Flavor: r-devel-windows-x86_64