CRAN Package Check Results for Package ggPMX

Last updated on 2024-07-13 15:49:01 CEST.

Flavor Version Tinstall Tcheck Ttotal Status Flags
r-devel-linux-x86_64-debian-clang 1.2.11 16.41 254.23 270.64 NOTE
r-devel-linux-x86_64-debian-gcc 1.2.11 13.45 188.58 202.03 NOTE
r-devel-linux-x86_64-fedora-clang 1.2.11 351.41 NOTE
r-devel-linux-x86_64-fedora-gcc 1.2.11 334.99 NOTE
r-devel-windows-x86_64 1.2.11 17.00 306.00 323.00 NOTE
r-patched-linux-x86_64 1.2.11 20.55 252.14 272.69 NOTE
r-release-linux-x86_64 1.2.11 13.30 244.62 257.92 NOTE
r-release-macos-arm64 1.2.11 89.00 NOTE
r-release-macos-x86_64 1.2.11 138.00 NOTE
r-release-windows-x86_64 1.2.11 18.00 304.00 322.00 NOTE
r-oldrel-macos-arm64 1.2.11 90.00 NOTE
r-oldrel-macos-x86_64 1.2.11 175.00 NOTE
r-oldrel-windows-x86_64 1.2.11 23.00 320.00 343.00 NOTE

Check Details

Version: 1.2.11
Check: package dependencies
Result: NOTE Package suggested but not available for checking: ‘lixoftConnectors’ Flavors: r-devel-linux-x86_64-debian-clang, r-devel-linux-x86_64-debian-gcc, r-devel-linux-x86_64-fedora-clang, r-devel-linux-x86_64-fedora-gcc, r-devel-windows-x86_64, r-patched-linux-x86_64, r-release-linux-x86_64, r-release-macos-arm64, r-release-macos-x86_64, r-release-windows-x86_64, r-oldrel-macos-arm64, r-oldrel-macos-x86_64, r-oldrel-windows-x86_64

Version: 1.2.11
Check: installed package size
Result: NOTE installed size is 9.0Mb sub-directories of 1Mb or more: doc 1.1Mb help 2.4Mb testdata 4.8Mb Flavors: r-devel-linux-x86_64-fedora-clang, r-devel-windows-x86_64, r-release-macos-arm64, r-release-macos-x86_64, r-release-windows-x86_64, r-oldrel-macos-arm64, r-oldrel-macos-x86_64, r-oldrel-windows-x86_64

Version: 1.2.11
Check: Rd cross-references
Result: NOTE Found the following Rd file(s) with Rd \link{} targets missing package anchors: n_pages.Rd: facet_wrap_paginate Please provide package anchors for all Rd \link{} targets not in the package itself and the base packages. Flavor: r-devel-windows-x86_64