CRAN Package Check Results for Package ggESDA

Last updated on 2024-07-23 03:57:24 CEST.

Flavor Version Tinstall Tcheck Ttotal Status Flags
r-devel-linux-x86_64-debian-clang 0.2.0 31.30 268.39 299.69 OK
r-devel-linux-x86_64-debian-gcc 0.2.0 20.43 195.74 216.17 OK
r-devel-linux-x86_64-fedora-clang 0.2.0 382.13 OK
r-devel-linux-x86_64-fedora-gcc 0.2.0 383.24 OK
r-devel-windows-x86_64 0.2.0 26.00 196.00 222.00 OK
r-patched-linux-x86_64 0.2.0 22.31 253.20 275.51 OK
r-release-linux-x86_64 0.2.0 21.47 251.37 272.84 OK
r-release-macos-arm64 0.2.0 100.00 OK
r-release-macos-x86_64 0.2.0 148.00 OK
r-release-windows-x86_64 0.2.0 24.00 193.00 217.00 OK
r-oldrel-macos-arm64 0.2.0 72.00 ERROR
r-oldrel-macos-x86_64 0.2.0 173.00 ERROR
r-oldrel-windows-x86_64 0.2.0 32.00 254.00 286.00 OK

Check Details

Version: 0.2.0
Check: examples
Result: ERROR Running examples in ‘ggESDA-Ex.R’ failed The error most likely occurred in: > ### Name: Cardiological > ### Title: Cardiological data example > ### Aliases: Cardiological > ### Keywords: datasets > > ### ** Examples > > data(Cardiological) > ggInterval_index(Cardiological, aes(x = Syst)) Error in get(x, envir = ns, inherits = FALSE) : object 'tbl_subset_col' not found Calls: ggInterval_index ... as.data.frame -> [ -> [.symbolic_tbl -> getFromNamespace -> get Execution halted Flavors: r-oldrel-macos-arm64, r-oldrel-macos-x86_64

Version: 0.2.0
Check: re-building of vignette outputs
Result: ERROR Error(s) in re-building vignettes: ... --- re-building ‘ggESDA.Rmd’ using rmarkdown Quitting from lines 47-57 (ggESDA.Rmd) Error: processing vignette 'ggESDA.Rmd' failed with diagnostics: object 'tbl_subset_col' not found --- failed re-building ‘ggESDA.Rmd’ SUMMARY: processing the following file failed: ‘ggESDA.Rmd’ Error: Vignette re-building failed. Execution halted Flavor: r-oldrel-macos-arm64

Version: 0.2.0
Check: re-building of vignette outputs
Result: ERROR Error(s) in re-building vignettes: ... --- re-building ‘ggESDA.Rmd’ using rmarkdown Pandoc is required to build R Markdown vignettes but not available. Please make sure it is installed. Quitting from lines 47-57 (ggESDA.Rmd) Error: processing vignette 'ggESDA.Rmd' failed with diagnostics: object 'tbl_subset_col' not found --- failed re-building ‘ggESDA.Rmd’ SUMMARY: processing the following file failed: ‘ggESDA.Rmd’ Error: Vignette re-building failed. Execution halted Flavor: r-oldrel-macos-x86_64