CRAN Package Check Results for Package gesisdata

Last updated on 2022-01-22 03:56:45 CET.

Flavor Version Tinstall Tcheck Ttotal Status Flags
r-devel-linux-x86_64-debian-clang 0.1.0 7.34 72.72 80.06 NOTE
r-devel-linux-x86_64-debian-gcc 0.1.0 5.58 53.94 59.52 NOTE
r-devel-linux-x86_64-fedora-clang 0.1.0 98.09 NOTE
r-devel-linux-x86_64-fedora-gcc 0.1.0 81.00 NOTE
r-devel-windows-x86_64-new-UL 0.1.0 17.00 95.00 112.00 NOTE
r-devel-windows-x86_64-new-TK 0.1.0 NOTE
r-patched-linux-x86_64 0.1.0 6.35 65.67 72.02 NOTE
r-release-linux-x86_64 0.1.0 4.29 65.69 69.98 NOTE
r-release-macos-arm64 0.1.0 NOTE
r-release-macos-x86_64 0.1.0 NOTE
r-release-windows-ix86+x86_64 0.1.0 17.00 82.00 99.00 NOTE
r-oldrel-macos-x86_64 0.1.0 OK
r-oldrel-windows-ix86+x86_64 0.1.0 17.00 85.00 102.00 OK

Check Details

Version: 0.1.0
Check: LazyData
Result: NOTE
     'LazyData' is specified without a 'data' directory
Flavors: r-devel-linux-x86_64-debian-clang, r-devel-linux-x86_64-debian-gcc, r-devel-linux-x86_64-fedora-clang, r-devel-linux-x86_64-fedora-gcc, r-devel-windows-x86_64-new-UL, r-devel-windows-x86_64-new-TK, r-patched-linux-x86_64, r-release-linux-x86_64, r-release-macos-arm64, r-release-macos-x86_64, r-release-windows-ix86+x86_64