CRAN Package Check Results for Package geouy

Last updated on 2021-12-01 03:55:29 CET.

Flavor Version Tinstall Tcheck Ttotal Status Flags
r-devel-linux-x86_64-debian-clang 0.2.5 24.43 245.11 269.54 OK
r-devel-linux-x86_64-debian-gcc 0.2.5 25.37 200.47 225.84 OK
r-devel-linux-x86_64-fedora-clang 0.2.5 361.83 NOTE
r-devel-linux-x86_64-fedora-gcc 0.2.5 351.31 NOTE
r-devel-windows-x86_64-new-UL 0.2.5 47.00 278.00 325.00 OK
r-devel-windows-x86_64-new-TK 0.2.5 NOTE
r-devel-windows-x86_64-old 0.2.5 42.00 204.00 246.00 OK
r-patched-linux-x86_64 0.2.5 27.36 232.71 260.07 OK
r-patched-solaris-x86 0.2.5 415.80 NOTE
r-release-linux-x86_64 0.2.5 23.92 235.19 259.11 OK
r-release-macos-arm64 0.2.5 NOTE
r-release-macos-x86_64 0.2.5 NOTE
r-release-windows-ix86+x86_64 0.2.5 63.00 194.00 257.00 OK
r-oldrel-macos-x86_64 0.2.5 NOTE
r-oldrel-windows-ix86+x86_64 0.2.5 51.00 189.00 240.00 OK

Check Details

Version: 0.2.5
Check: data for non-ASCII characters
Result: NOTE
     Note: found 64 marked Latin-1 strings
     Note: found 25 marked UTF-8 strings
Flavors: r-devel-linux-x86_64-fedora-clang, r-devel-linux-x86_64-fedora-gcc, r-devel-windows-x86_64-new-TK, r-patched-solaris-x86, r-release-macos-arm64, r-release-macos-x86_64, r-oldrel-macos-x86_64