CRAN Package Check Results for Package geospark

Last updated on 2024-07-24 15:51:37 CEST.

Flavor Version Tinstall Tcheck Ttotal Status Flags
r-devel-linux-x86_64-debian-clang 0.3.1 8.34 65.81 74.15 NOTE
r-devel-linux-x86_64-debian-gcc 0.3.1 5.36 48.73 54.09 NOTE
r-devel-linux-x86_64-fedora-clang 0.3.1 92.65 NOTE
r-devel-linux-x86_64-fedora-gcc 0.3.1 89.38 NOTE
r-devel-windows-x86_64 0.3.1 7.00 67.00 74.00 NOTE
r-patched-linux-x86_64 0.3.1 8.20 62.73 70.93 NOTE
r-release-linux-x86_64 0.3.1 4.76 61.72 66.48 NOTE
r-release-macos-arm64 0.3.1 34.00 NOTE
r-release-macos-x86_64 0.3.1 48.00 NOTE
r-release-windows-x86_64 0.3.1 7.00 65.00 72.00 NOTE
r-oldrel-macos-arm64 0.3.1 31.00 NOTE
r-oldrel-macos-x86_64 0.3.1 45.00 NOTE
r-oldrel-windows-x86_64 0.3.1 10.00 75.00 85.00 NOTE

Check Details

Version: 0.3.1
Check: LazyData
Result: NOTE 'LazyData' is specified without a 'data' directory Flavors: r-devel-linux-x86_64-debian-clang, r-devel-linux-x86_64-debian-gcc, r-devel-linux-x86_64-fedora-clang, r-devel-linux-x86_64-fedora-gcc, r-devel-windows-x86_64, r-patched-linux-x86_64, r-release-linux-x86_64, r-release-macos-arm64, r-release-macos-x86_64, r-release-windows-x86_64, r-oldrel-macos-arm64, r-oldrel-macos-x86_64, r-oldrel-windows-x86_64

Version: 0.3.1
Check: dependencies in R code
Result: NOTE Namespace in Imports field not imported from: ‘dbplyr’ All declared Imports should be used. Flavors: r-devel-linux-x86_64-fedora-clang, r-devel-linux-x86_64-fedora-gcc