CRAN Package Check Results for Package geosed

Last updated on 2022-09-25 15:56:43 CEST.

Flavor Version Tinstall Tcheck Ttotal Status Flags
r-devel-linux-x86_64-debian-clang 0.1.1 2.44 38.04 40.48 NOTE
r-devel-linux-x86_64-debian-gcc 0.1.1 1.86 29.33 31.19 NOTE
r-devel-linux-x86_64-fedora-clang 0.1.1 59.46 NOTE
r-devel-linux-x86_64-fedora-gcc 0.1.1 61.78 NOTE
r-devel-windows-x86_64 0.1.1 10.00 72.00 82.00 NOTE
r-patched-linux-x86_64 0.1.1 2.79 37.48 40.27 NOTE
r-release-linux-x86_64 0.1.1 2.33 36.63 38.96 NOTE
r-release-macos-arm64 0.1.1 18.00 NOTE
r-release-macos-x86_64 0.1.1 27.00 NOTE
r-release-windows-x86_64 0.1.1 10.00 64.00 74.00 NOTE
r-oldrel-macos-arm64 0.1.1 20.00 NOTE
r-oldrel-macos-x86_64 0.1.1 31.00 NOTE
r-oldrel-windows-ix86+x86_64 0.1.1 6.00 63.00 69.00 NOTE

Check Details

Version: 0.1.1
Check: LazyData
Result: NOTE
     'LazyData' is specified without a 'data' directory
Flavors: r-devel-linux-x86_64-debian-clang, r-devel-linux-x86_64-debian-gcc, r-devel-linux-x86_64-fedora-clang, r-devel-linux-x86_64-fedora-gcc, r-devel-windows-x86_64, r-patched-linux-x86_64, r-release-linux-x86_64, r-release-macos-arm64, r-release-macos-x86_64, r-release-windows-x86_64, r-oldrel-macos-arm64, r-oldrel-macos-x86_64, r-oldrel-windows-ix86+x86_64