CRAN Package Check Results for Package geomedb

Last updated on 2022-01-16 15:48:28 CET.

Flavor Version Tinstall Tcheck Ttotal Status Flags
r-devel-linux-x86_64-debian-clang 2.0.1 2.51 30.60 33.11 NOTE
r-devel-linux-x86_64-debian-gcc 2.0.1 2.01 23.76 25.77 NOTE
r-devel-linux-x86_64-fedora-clang 2.0.1 41.26 NOTE
r-devel-linux-x86_64-fedora-gcc 2.0.1 30.06 NOTE
r-devel-windows-x86_64-new-UL 2.0.1 26.00 46.00 72.00 NOTE
r-devel-windows-x86_64-new-TK 2.0.1 NOTE
r-patched-linux-x86_64 2.0.1 2.70 29.30 32.00 NOTE
r-release-linux-x86_64 2.0.1 NOTE
r-release-macos-arm64 2.0.1 NOTE
r-release-macos-x86_64 2.0.1 NOTE
r-release-windows-ix86+x86_64 2.0.1 5.00 37.00 42.00 NOTE
r-oldrel-macos-x86_64 2.0.1 OK
r-oldrel-windows-ix86+x86_64 2.0.1 5.00 38.00 43.00 OK

Check Details

Version: 2.0.1
Check: LazyData
Result: NOTE
     'LazyData' is specified without a 'data' directory
Flavors: r-devel-linux-x86_64-debian-clang, r-devel-linux-x86_64-debian-gcc, r-devel-linux-x86_64-fedora-clang, r-devel-linux-x86_64-fedora-gcc, r-devel-windows-x86_64-new-UL, r-devel-windows-x86_64-new-TK, r-patched-linux-x86_64, r-release-linux-x86_64, r-release-macos-arm64, r-release-macos-x86_64, r-release-windows-ix86+x86_64