CRAN Package Check Results for Package geomaroc

Last updated on 2022-09-24 15:55:20 CEST.

Flavor Version Tinstall Tcheck Ttotal Status Flags
r-devel-linux-x86_64-debian-clang 0.1.1 1.54 28.31 29.85 NOTE
r-devel-linux-x86_64-debian-gcc 0.1.1 2.03 21.80 23.83 NOTE
r-devel-linux-x86_64-fedora-clang 0.1.1 49.25 NOTE
r-devel-linux-x86_64-fedora-gcc 0.1.1 50.10 NOTE
r-devel-windows-x86_64 0.1.1 13.00 57.00 70.00 NOTE
r-patched-linux-x86_64 0.1.1 2.15 27.31 29.46 NOTE
r-release-linux-x86_64 0.1.1 2.34 26.56 28.90 NOTE
r-release-macos-arm64 0.1.1 18.00 NOTE
r-release-macos-x86_64 0.1.1 25.00 NOTE
r-release-windows-x86_64 0.1.1 11.00 54.00 65.00 NOTE
r-oldrel-macos-arm64 0.1.1 16.00 NOTE
r-oldrel-macos-x86_64 0.1.1 23.00 NOTE
r-oldrel-windows-ix86+x86_64 0.1.1 6.00 52.00 58.00 NOTE

Check Details

Version: 0.1.1
Check: package dependencies
Result: NOTE
    Package suggested but not available for checking: 'geomarocdata'
Flavors: r-devel-linux-x86_64-debian-clang, r-devel-linux-x86_64-debian-gcc, r-devel-linux-x86_64-fedora-clang, r-devel-linux-x86_64-fedora-gcc, r-devel-windows-x86_64, r-patched-linux-x86_64, r-release-linux-x86_64, r-release-macos-arm64, r-release-macos-x86_64, r-release-windows-x86_64, r-oldrel-macos-arm64, r-oldrel-macos-x86_64, r-oldrel-windows-ix86+x86_64