CRAN Package Check Results for Package geojsonsf

Last updated on 2021-12-07 16:49:35 CET.

Flavor Version Tinstall Tcheck Ttotal Status Flags
r-devel-linux-x86_64-debian-clang 2.0.1 83.95 39.84 123.79 OK
r-devel-linux-x86_64-debian-gcc 2.0.1 71.64 31.78 103.42 OK
r-devel-linux-x86_64-fedora-clang 2.0.1 196.60 NOTE
r-devel-linux-x86_64-fedora-gcc 2.0.1 170.44 OK
r-devel-windows-x86_64-new-UL 2.0.1 106.00 101.00 207.00 OK
r-devel-windows-x86_64-new-TK 2.0.1 OK
r-devel-windows-x86_64-old 2.0.1 105.00 67.00 172.00 OK
r-patched-linux-x86_64 2.0.1 78.84 38.56 117.40 OK
r-release-linux-x86_64 2.0.1 76.54 38.53 115.07 OK
r-release-macos-arm64 2.0.1 NOTE
r-release-macos-x86_64 2.0.1 NOTE
r-release-windows-ix86+x86_64 2.0.1 154.00 79.00 233.00 OK
r-oldrel-macos-x86_64 2.0.1 NOTE
r-oldrel-windows-ix86+x86_64 2.0.1 206.00 83.00 289.00 OK

Check Details

Version: 2.0.1
Check: installed package size
Result: NOTE
     installed size is 7.9Mb
     sub-directories of 1Mb or more:
     help 1.3Mb
     libs 5.7Mb
Flavors: r-devel-linux-x86_64-fedora-clang, r-release-macos-arm64, r-release-macos-x86_64, r-oldrel-macos-x86_64