CRAN Package Check Results for Package geojsonsf

Last updated on 2022-09-30 04:59:09 CEST.

Flavor Version Tinstall Tcheck Ttotal Status Flags
r-devel-linux-x86_64-debian-clang 2.0.3 97.49 35.66 133.15 OK
r-devel-linux-x86_64-debian-gcc 2.0.3 76.45 28.10 104.55 OK
r-devel-linux-x86_64-fedora-clang 2.0.3 201.88 OK
r-devel-linux-x86_64-fedora-gcc 2.0.3 192.43 OK
r-devel-windows-x86_64 2.0.3 120.00 88.00 208.00 OK
r-patched-linux-x86_64 2.0.3 85.64 35.41 121.05 OK
r-release-linux-x86_64 2.0.3 81.90 34.92 116.82 OK
r-release-macos-arm64 2.0.3 48.00 NOTE
r-release-macos-x86_64 2.0.3 63.00 NOTE
r-release-windows-x86_64 2.0.3 111.00 90.00 201.00 OK
r-oldrel-macos-arm64 2.0.3 45.00 NOTE
r-oldrel-macos-x86_64 2.0.3 60.00 NOTE
r-oldrel-windows-ix86+x86_64 2.0.3 208.00 88.00 296.00 OK

Check Details

Version: 2.0.3
Check: installed package size
Result: NOTE
     installed size is 6.6Mb
     sub-directories of 1Mb or more:
     help 1.3Mb
     libs 4.5Mb
Flavors: r-release-macos-arm64, r-release-macos-x86_64, r-oldrel-macos-arm64, r-oldrel-macos-x86_64