CRAN Package Check Results for Package geoelectrics

Last updated on 2023-02-05 15:55:16 CET.

Flavor Version Tinstall Tcheck Ttotal Status Flags
r-devel-linux-x86_64-debian-clang 0.2.2 12.15 116.80 128.95 OK
r-devel-linux-x86_64-debian-gcc 0.2.2 8.20 86.21 94.41 OK
r-devel-linux-x86_64-fedora-clang 0.2.2 154.92 OK
r-devel-linux-x86_64-fedora-gcc 0.2.2 150.93 OK
r-devel-windows-x86_64 0.2.2 56.00 154.00 210.00 OK
r-patched-linux-x86_64 0.2.2 10.60 106.45 117.05 OK
r-release-linux-x86_64 0.2.0 9.50 99.32 108.82 WARN
r-release-macos-arm64 0.2.2 38.00 OK
r-release-macos-x86_64 0.2.2 58.00 OK
r-release-windows-x86_64 0.2.0 52.00 153.00 205.00 WARN
r-oldrel-macos-arm64 0.2.2 43.00 OK
r-oldrel-macos-x86_64 0.2.2 61.00 OK
r-oldrel-windows-ix86+x86_64 0.2.2 25.00 153.00 178.00 OK

Check Details

Version: 0.2.0
Check: examples
Result: WARN
    Found the following significant warnings:
    
     Warning: 'rgl.bg' is deprecated.
     Warning: 'rgl.bbox' is deprecated.
     Warning: 'rgl.texts' is deprecated.
     Warning: 'rgl.bg' is deprecated.
     Warning: 'rgl.bbox' is deprecated.
     Warning: 'rgl.texts' is deprecated.
     Warning: 'rgl.bg' is deprecated.
     Warning: 'rgl.bbox' is deprecated.
     Warning: 'rgl.texts' is deprecated.
     Warning: 'rgl.bg' is deprecated.
     Warning: 'rgl.bbox' is deprecated.
     Warning: 'rgl.texts' is deprecated.
     Warning: 'rgl.bg' is deprecated.
     Warning: 'rgl.bbox' is deprecated.
     Warning: 'rgl.texts' is deprecated.
     Warning: 'rgl.bg' is deprecated.
     Warning: 'rgl.bbox' is deprecated.
     Warning: 'rgl.texts' is deprecated.
     Warning: 'rgl.bg' is deprecated.
     Warning: 'rgl.bbox' is deprecated.
     Warning: 'rgl.texts' is deprecated.
     Warning: 'rgl.bg' is deprecated.
     Warning: 'rgl.bbox' is deprecated.
     Warning: 'rgl.texts' is deprecated.
    Deprecated functions may be defunct as soon as of the next release of
    R.
    See ?Deprecated.
Flavors: r-release-linux-x86_64, r-release-windows-x86_64