CRAN Package Check Results for Package geodimension

Last updated on 2021-12-07 16:49:35 CET.

Flavor Version Tinstall Tcheck Ttotal Status Flags
r-devel-linux-x86_64-debian-clang 1.0.0 6.43 246.70 253.13 OK
r-devel-linux-x86_64-debian-gcc 1.0.0 5.59 183.60 189.19 OK
r-devel-linux-x86_64-fedora-clang 1.0.0 477.15 NOTE
r-devel-linux-x86_64-fedora-gcc 1.0.0 465.16 NOTE
r-devel-windows-x86_64-new-UL 1.0.0 18.00 366.00 384.00 OK
r-devel-windows-x86_64-new-TK 1.0.0 NOTE
r-devel-windows-x86_64-old 1.0.0 11.00 334.00 345.00 OK
r-patched-linux-x86_64 1.0.0 6.84 233.33 240.17 OK
r-release-linux-x86_64 1.0.0 6.23 238.29 244.52 OK
r-release-macos-arm64 1.0.0 NOTE
r-release-macos-x86_64 1.0.0 NOTE
r-release-windows-ix86+x86_64 1.0.0 9.00 281.00 290.00 OK
r-oldrel-macos-x86_64 1.0.0 NOTE
r-oldrel-windows-ix86+x86_64 1.0.0 12.00 341.00 353.00 OK

Check Details

Version: 1.0.0
Check: dependencies in R code
Result: NOTE
    Namespaces in Imports field not imported from:
     ‘pander’ ‘readr’ ‘tidyr’
     All declared Imports should be used.
Flavors: r-devel-linux-x86_64-fedora-clang, r-devel-linux-x86_64-fedora-gcc, r-devel-windows-x86_64-new-TK, r-release-macos-arm64, r-release-macos-x86_64, r-oldrel-macos-x86_64

Version: 1.0.0
Check: data for non-ASCII characters
Result: NOTE
     Note: found 80 marked UTF-8 strings
Flavors: r-devel-linux-x86_64-fedora-clang, r-devel-linux-x86_64-fedora-gcc, r-devel-windows-x86_64-new-TK, r-release-macos-arm64, r-release-macos-x86_64, r-oldrel-macos-x86_64