CRAN Package Check Results for Package geoTS

Last updated on 2022-10-01 15:52:53 CEST.

Flavor Version Tinstall Tcheck Ttotal Status Flags
r-devel-linux-x86_64-debian-clang 0.1.3 28.14 263.28 291.42 NOTE
r-devel-linux-x86_64-debian-gcc 0.1.3 19.17 188.95 208.12 NOTE
r-devel-linux-x86_64-fedora-clang 0.1.3 357.38 NOTE
r-devel-linux-x86_64-fedora-gcc 0.1.3 362.77 NOTE
r-devel-windows-x86_64 0.1.3 29.00 247.00 276.00 NOTE
r-patched-linux-x86_64 0.1.3 26.79 247.45 274.24 NOTE
r-release-linux-x86_64 0.1.3 25.12 248.28 273.40 NOTE
r-release-macos-arm64 0.1.3 67.00 NOTE
r-release-macos-x86_64 0.1.3 100.00 NOTE
r-release-windows-x86_64 0.1.3 32.00 248.00 280.00 NOTE
r-oldrel-macos-arm64 0.1.3 42.00 NOTE
r-oldrel-macos-x86_64 0.1.3 64.00 NOTE
r-oldrel-windows-ix86+x86_64 0.1.3 61.00 248.00 309.00 NOTE

Check Details

Version: 0.1.3
Check: LazyData
Result: NOTE
     'LazyData' is specified without a 'data' directory
Flavors: r-devel-linux-x86_64-debian-clang, r-devel-linux-x86_64-debian-gcc, r-devel-linux-x86_64-fedora-clang, r-devel-linux-x86_64-fedora-gcc, r-devel-windows-x86_64, r-patched-linux-x86_64, r-release-linux-x86_64, r-release-macos-arm64, r-release-macos-x86_64, r-release-windows-x86_64, r-oldrel-macos-arm64, r-oldrel-macos-x86_64, r-oldrel-windows-ix86+x86_64

Version: 0.1.3
Check: dependencies in R code
Result: NOTE
    Namespaces in Imports field not imported from:
     ‘iterators’ ‘methods’
     All declared Imports should be used.
Flavors: r-devel-linux-x86_64-fedora-clang, r-devel-linux-x86_64-fedora-gcc, r-release-macos-arm64, r-release-macos-x86_64, r-oldrel-macos-arm64, r-oldrel-macos-x86_64