Last updated on 2023-02-01 03:54:16 CET.
Flavor | Version | Tinstall | Tcheck | Ttotal | Status | Flags |
---|---|---|---|---|---|---|
r-devel-linux-x86_64-debian-clang | 1.0.4 | 16.24 | 233.43 | 249.67 | NOTE | |
r-devel-linux-x86_64-debian-gcc | 1.0.4 | 12.16 | 162.03 | 174.19 | NOTE | |
r-devel-linux-x86_64-fedora-clang | 1.0.4 | 302.67 | NOTE | |||
r-devel-linux-x86_64-fedora-gcc | 1.0.4 | 309.47 | NOTE | |||
r-devel-windows-x86_64 | 1.0.4 | 60.00 | 271.00 | 331.00 | NOTE | |
r-patched-linux-x86_64 | 1.0.4 | 17.89 | 225.12 | 243.01 | OK | |
r-release-linux-x86_64 | 1.0.4 | 14.57 | 220.64 | 235.21 | OK | |
r-release-macos-arm64 | 1.0.4 | 70.00 | OK | |||
r-release-macos-x86_64 | 1.0.4 | 121.00 | OK | |||
r-release-windows-x86_64 | 1.0.4 | 55.00 | 284.00 | 339.00 | OK | |
r-oldrel-macos-arm64 | 1.0.4 | 89.00 | OK | |||
r-oldrel-macos-x86_64 | 1.0.4 | 143.00 | OK | |||
r-oldrel-windows-ix86+x86_64 | 1.0.4 | 30.00 | 270.00 | 300.00 | OK |
Version: 1.0.4
Check: package subdirectories
Result: NOTE
Problems with news in ‘NEWS.md’:
No news entries found.
Flavors: r-devel-linux-x86_64-debian-clang, r-devel-linux-x86_64-debian-gcc, r-devel-linux-x86_64-fedora-clang, r-devel-linux-x86_64-fedora-gcc, r-devel-windows-x86_64