CRAN Package Check Results for Package genomic.autocorr

Last updated on 2022-01-20 15:56:58 CET.

Flavor Version Tinstall Tcheck Ttotal Status Flags
r-devel-linux-x86_64-debian-clang 1.0-1 NOTE
r-devel-linux-x86_64-debian-gcc 1.0-1 2.19 44.08 46.27 NOTE
r-devel-linux-x86_64-fedora-clang 1.0-1 76.54 NOTE
r-devel-linux-x86_64-fedora-gcc 1.0-1 63.92 NOTE
r-devel-windows-x86_64-new-UL 1.0-1 30.00 78.00 108.00 NOTE
r-devel-windows-x86_64-new-TK 1.0-1 NOTE
r-patched-linux-x86_64 1.0-1 2.41 56.47 58.88 NOTE
r-release-linux-x86_64 1.0-1 2.84 56.83 59.67 NOTE
r-release-macos-arm64 1.0-1 NOTE
r-release-macos-x86_64 1.0-1 NOTE
r-release-windows-ix86+x86_64 1.0-1 7.00 67.00 74.00 NOTE
r-oldrel-macos-x86_64 1.0-1 OK
r-oldrel-windows-ix86+x86_64 1.0-1 9.00 65.00 74.00 OK

Check Details

Version: 1.0-1
Check: LazyData
Result: NOTE
     'LazyData' is specified without a 'data' directory
Flavors: r-devel-linux-x86_64-debian-clang, r-devel-linux-x86_64-debian-gcc, r-devel-linux-x86_64-fedora-clang, r-devel-linux-x86_64-fedora-gcc, r-devel-windows-x86_64-new-UL, r-devel-windows-x86_64-new-TK, r-patched-linux-x86_64, r-release-linux-x86_64, r-release-macos-arm64, r-release-macos-x86_64, r-release-windows-ix86+x86_64