CRAN Package Check Results for Package generics

Last updated on 2021-11-28 15:48:41 CET.

Flavor Version Tinstall Tcheck Ttotal Status Flags
r-devel-linux-x86_64-debian-clang 0.1.1 OK
r-devel-linux-x86_64-debian-gcc 0.1.1 1.88 27.07 28.95 OK
r-devel-linux-x86_64-fedora-clang 0.1.1 56.19 NOTE
r-devel-linux-x86_64-fedora-gcc 0.1.1 45.69 OK
r-devel-windows-x86_64-new-UL 0.1.1 17.00 74.00 91.00 OK
r-devel-windows-x86_64-new-TK 0.1.1 OK
r-devel-windows-x86_64-old 0.1.1 5.00 54.00 59.00 OK
r-patched-linux-x86_64 0.1.1 2.72 33.93 36.65 OK
r-patched-solaris-x86 0.1.1 64.00 OK
r-release-linux-x86_64 0.1.1 2.07 34.34 36.41 OK
r-release-macos-arm64 0.1.1 OK
r-release-macos-x86_64 0.1.1 OK
r-release-windows-ix86+x86_64 0.1.1 7.00 41.00 48.00 OK
r-oldrel-macos-x86_64 0.1.1 OK
r-oldrel-windows-ix86+x86_64 0.1.1 5.00 55.00 60.00 OK

Check Details

Version: 0.1.1
Check: Rd cross-references
Result: NOTE
    Undeclared package ‘tune’ in Rd xrefs
Flavor: r-devel-linux-x86_64-fedora-clang