CRAN Package Check Results for Package geneExpressionFromGEO

Last updated on 2022-01-20 03:55:29 CET.

Flavor Version Tinstall Tcheck Ttotal Status Flags
r-devel-linux-x86_64-debian-clang 0.9 OK
r-devel-linux-x86_64-debian-gcc 0.9 2.04 32.85 34.89 OK
r-devel-linux-x86_64-fedora-clang 0.9 55.05 NOTE
r-devel-linux-x86_64-fedora-gcc 0.9 42.64 NOTE
r-devel-windows-x86_64-new-UL 0.9 46.00 67.00 113.00 OK
r-devel-windows-x86_64-new-TK 0.9 NOTE
r-patched-linux-x86_64 0.9 1.64 41.58 43.22 OK
r-release-linux-x86_64 0.9 OK
r-release-macos-arm64 0.9 NOTE
r-release-macos-x86_64 0.9 NOTE
r-release-windows-ix86+x86_64 0.9 7.00 48.00 55.00 OK
r-oldrel-macos-x86_64 0.9 NOTE
r-oldrel-windows-ix86+x86_64 0.9 8.00 48.00 56.00 OK

Check Details

Version: 0.9
Check: dependencies in R code
Result: NOTE
    Namespaces in Imports field not imported from:
     ‘BiocManager’ ‘R.utils’ ‘markdown’
     All declared Imports should be used.
Flavors: r-devel-linux-x86_64-fedora-clang, r-devel-linux-x86_64-fedora-gcc, r-devel-windows-x86_64-new-TK, r-release-macos-arm64, r-release-macos-x86_64, r-oldrel-macos-x86_64