CRAN Package Check Results for Package gen3sis

Last updated on 2022-07-03 15:52:32 CEST.

Flavor Version Tinstall Tcheck Ttotal Status Flags
r-devel-linux-x86_64-debian-clang 1.4 66.99 353.62 420.61 NOTE
r-devel-linux-x86_64-debian-gcc 1.4 52.86 258.93 311.79 NOTE
r-devel-linux-x86_64-fedora-clang 1.4 507.93 NOTE
r-devel-linux-x86_64-fedora-gcc 1.4 514.27 NOTE
r-devel-windows-x86_64 1.4 493.00 390.00 883.00 NOTE
r-patched-linux-x86_64 1.4 62.91 344.11 407.02 OK
r-release-linux-x86_64 1.4 58.65 337.39 396.04 OK
r-release-macos-arm64 1.4 120.00 NOTE
r-release-macos-x86_64 1.4 167.00 NOTE
r-release-windows-x86_64 1.4 186.00 389.00 575.00 NOTE
r-oldrel-macos-arm64 1.4 113.00 NOTE
r-oldrel-macos-x86_64 1.4 171.00 NOTE
r-oldrel-windows-ix86+x86_64 1.4 143.00 537.00 680.00 NOTE

Check Details

Version: 1.4
Check: Rd files
Result: NOTE
    checkRd: (-1) plot_summary.Rd:14: Escaped LaTeX specials: \_
Flavors: r-devel-linux-x86_64-debian-clang, r-devel-linux-x86_64-debian-gcc, r-devel-linux-x86_64-fedora-clang, r-devel-linux-x86_64-fedora-gcc, r-devel-windows-x86_64

Version: 1.4
Check: installed package size
Result: NOTE
     installed size is 6.4Mb
     sub-directories of 1Mb or more:
     doc 1.3Mb
     extdata 3.5Mb
     libs 1.1Mb
Flavors: r-devel-linux-x86_64-fedora-clang, r-devel-windows-x86_64, r-release-macos-arm64, r-release-macos-x86_64, r-release-windows-x86_64, r-oldrel-macos-arm64, r-oldrel-macos-x86_64, r-oldrel-windows-ix86+x86_64

Version: 1.4
Check: dependencies in R code
Result: NOTE
    Namespace in Imports field not imported from: ‘sp’
     All declared Imports should be used.
Flavors: r-devel-linux-x86_64-fedora-clang, r-devel-linux-x86_64-fedora-gcc, r-release-macos-arm64, r-release-macos-x86_64, r-oldrel-macos-arm64, r-oldrel-macos-x86_64