CRAN Package Check Results for Package gbeta

Last updated on 2022-01-27 15:53:35 CET.

Flavor Version Tinstall Tcheck Ttotal Status Flags
r-devel-linux-x86_64-debian-clang 0.1.0 35.00 39.70 74.70 OK
r-devel-linux-x86_64-debian-gcc 0.1.0 28.86 32.21 61.07 OK
r-devel-linux-x86_64-fedora-clang 0.1.0 99.06 NOTE
r-devel-linux-x86_64-fedora-gcc 0.1.0 89.91 OK
r-devel-windows-x86_64-new-UL 0.1.0 46.00 81.00 127.00 OK
r-devel-windows-x86_64-new-TK 0.1.0 OK
r-patched-linux-x86_64 0.1.0 30.93 38.38 69.31 OK
r-release-linux-x86_64 0.1.0 33.76 37.83 71.59 OK
r-release-macos-arm64 0.1.0 NOTE
r-release-macos-x86_64 0.1.0 NOTE
r-release-windows-ix86+x86_64 0.1.0 79.00 76.00 155.00 OK
r-oldrel-macos-x86_64 0.1.0 NOTE
r-oldrel-windows-ix86+x86_64 0.1.0 80.00 70.00 150.00 ERROR

Check Details

Version: 0.1.0
Check: installed package size
Result: NOTE
     installed size is 5.6Mb
     sub-directories of 1Mb or more:
     libs 5.4Mb
Flavors: r-devel-linux-x86_64-fedora-clang, r-release-macos-arm64, r-release-macos-x86_64, r-oldrel-macos-x86_64

Version: 0.1.0
Check: running examples for arch ‘i386’
Result: ERROR
    Running examples in 'gbeta-Ex.R' failed
    The error occurred in:
    
    
    R version 4.0.5 (2021-03-31) -- "Shake and Throw"
    Copyright (C) 2021 The R Foundation for Statistical Computing
    Platform: i386-w64-mingw32/i386 (32-bit)
    
    R is free software and comes with ABSOLUTELY NO WARRANTY.
    You are welcome to redistribute it under certain conditions.
    Type 'license()' or 'licence()' for distribution details.
    
     Natural language support but running in an English locale
    
    R is a collaborative project with many contributors.
    Type 'contributors()' for more information and
    'citation()' on how to cite R or R packages in publications.
    
    Type 'demo()' for some demos, 'help()' for on-line help, or
    'help.start()' for an HTML browser interface to help.
    Type 'q()' to quit R.
    
    > pkgname <- "gbeta"
    > source(file.path(R.home("share"), "R", "examples-header.R"))
    > options(warn = 1)
    > options(pager = "console")
    > library('gbeta')
    Error in library("gbeta") : there is no package called 'gbeta'
    Execution halted
Flavor: r-oldrel-windows-ix86+x86_64

Version: 0.1.0
Check: running examples for arch ‘x64’
Result: ERROR
    Running examples in 'gbeta-Ex.R' failed
    The error occurred in:
    
    
    R version 4.0.5 (2021-03-31) -- "Shake and Throw"
    Copyright (C) 2021 The R Foundation for Statistical Computing
    Platform: x86_64-w64-mingw32/x64 (64-bit)
    
    R is free software and comes with ABSOLUTELY NO WARRANTY.
    You are welcome to redistribute it under certain conditions.
    Type 'license()' or 'licence()' for distribution details.
    
     Natural language support but running in an English locale
    
    R is a collaborative project with many contributors.
    Type 'contributors()' for more information and
    'citation()' on how to cite R or R packages in publications.
    
    Type 'demo()' for some demos, 'help()' for on-line help, or
    'help.start()' for an HTML browser interface to help.
    Type 'q()' to quit R.
    
    > pkgname <- "gbeta"
    > source(file.path(R.home("share"), "R", "examples-header.R"))
    > options(warn = 1)
    > options(pager = "console")
    > library('gbeta')
    Error in library("gbeta") : there is no package called 'gbeta'
    Execution halted
Flavor: r-oldrel-windows-ix86+x86_64