CRAN Package Check Results for Package gastempt

Last updated on 2021-10-17 15:48:58 CEST.

Flavor Version Tinstall Tcheck Ttotal Status Flags
r-devel-linux-x86_64-debian-clang 0.5.4 413.48 140.23 553.71 NOTE
r-devel-linux-x86_64-debian-gcc 0.5.4 372.94 125.17 498.11 NOTE
r-devel-linux-x86_64-fedora-clang 0.5.4 840.08 NOTE
r-devel-linux-x86_64-fedora-gcc 0.5.4 911.29 NOTE
r-devel-windows-x86_64 0.5.4 510.00 212.00 722.00 NOTE
r-devel-windows-x86_64-gcc10-UCRT 0.5.4 NOTE
r-patched-linux-x86_64 0.5.4 438.12 156.31 594.43 NOTE
r-patched-solaris-x86 0.5.4 810.60 NOTE
r-release-linux-x86_64 0.5.4 377.77 155.54 533.31 NOTE
r-release-macos-arm64 0.5.4 NOTE
r-release-macos-x86_64 0.5.4 NOTE
r-release-windows-ix86+x86_64 0.5.4 872.00 317.00 1189.00 NOTE
r-oldrel-macos-x86_64 0.5.4 NOTE
r-oldrel-windows-ix86+x86_64 0.5.4 1015.00 324.00 1339.00 NOTE

Check Details

Version: 0.5.4
Check: LazyData
Result: NOTE
     'LazyData' is specified without a 'data' directory
Flavors: r-devel-linux-x86_64-debian-clang, r-devel-linux-x86_64-debian-gcc, r-devel-linux-x86_64-fedora-clang, r-devel-linux-x86_64-fedora-gcc, r-devel-windows-x86_64, r-devel-windows-x86_64-gcc10-UCRT, r-patched-linux-x86_64, r-patched-solaris-x86, r-release-linux-x86_64, r-release-macos-arm64, r-release-macos-x86_64, r-release-windows-ix86+x86_64

Version: 0.5.4
Check: for GNU extensions in Makefiles
Result: NOTE
    GNU make is a SystemRequirements.
Flavors: r-devel-linux-x86_64-debian-clang, r-devel-linux-x86_64-debian-gcc, r-devel-linux-x86_64-fedora-clang, r-devel-linux-x86_64-fedora-gcc, r-devel-windows-x86_64, r-devel-windows-x86_64-gcc10-UCRT, r-patched-linux-x86_64, r-patched-solaris-x86, r-release-linux-x86_64, r-release-macos-arm64, r-release-macos-x86_64, r-release-windows-ix86+x86_64, r-oldrel-macos-x86_64, r-oldrel-windows-ix86+x86_64

Version: 0.5.4
Check: installed package size
Result: NOTE
     installed size is 66.7Mb
     sub-directories of 1Mb or more:
     libs 66.2Mb
Flavors: r-devel-linux-x86_64-fedora-clang, r-release-macos-arm64, r-release-macos-x86_64, r-release-windows-ix86+x86_64, r-oldrel-macos-x86_64, r-oldrel-windows-ix86+x86_64