CRAN Package Check Results for Package gapfill

Last updated on 2021-10-26 02:56:30 CEST.

Flavor Version Tinstall Tcheck Ttotal Status Flags
r-devel-linux-x86_64-debian-clang 0.9.6-1 27.72 134.60 162.32 OK
r-devel-linux-x86_64-debian-gcc 0.9.6-1 20.45 100.31 120.76 OK
r-devel-linux-x86_64-fedora-clang 0.9.6-1 215.55 OK
r-devel-linux-x86_64-fedora-gcc 0.9.6-1 198.69 OK
r-devel-windows-x86_64 0.9.6-1 40.00 173.00 213.00 OK
r-devel-windows-x86_64-gcc10-UCRT 0.9.6-1 OK
r-patched-linux-x86_64 0.9.6-1 25.86 127.25 153.11 OK
r-patched-solaris-x86 0.9.6-1 264.90 OK
r-release-linux-x86_64 0.9.6-1 21.17 126.78 147.95 OK
r-release-macos-arm64 0.9.6-1 NOTE
r-release-macos-x86_64 0.9.6-1 NOTE
r-release-windows-ix86+x86_64 0.9.6-1 51.00 249.00 300.00 OK
r-oldrel-macos-x86_64 0.9.6-1 NOTE
r-oldrel-windows-ix86+x86_64 0.9.6-1 69.00 244.00 313.00 OK

Check Details

Version: 0.9.6-1
Check: package dependencies
Result: NOTE
    Package which this enhances but not available for checking: ‘doMPI’
Flavors: r-release-macos-arm64, r-release-macos-x86_64, r-oldrel-macos-x86_64