CRAN Package Check Results for Package ganalytics

Last updated on 2022-01-16 15:48:28 CET.

Flavor Version Tinstall Tcheck Ttotal Status Flags
r-devel-linux-x86_64-debian-clang 0.10.7 71.23 128.80 200.03 NOTE
r-devel-linux-x86_64-debian-gcc 0.10.7 54.07 98.02 152.09 NOTE
r-devel-linux-x86_64-fedora-clang 0.10.7 248.49 NOTE
r-devel-linux-x86_64-fedora-gcc 0.10.7 236.08 NOTE
r-devel-windows-x86_64-new-UL 0.10.7 567.00 169.00 736.00 NOTE
r-devel-windows-x86_64-new-TK 0.10.7 NOTE
r-patched-linux-x86_64 0.10.7 50.88 124.22 175.10 NOTE
r-release-linux-x86_64 0.10.7 NOTE
r-release-macos-arm64 0.10.7 NOTE
r-release-macos-x86_64 0.10.7 NOTE
r-release-windows-ix86+x86_64 0.10.7 111.00 143.00 254.00 NOTE
r-oldrel-macos-x86_64 0.10.7 OK
r-oldrel-windows-ix86+x86_64 0.10.7 109.00 147.00 256.00 OK

Check Details

Version: 0.10.7
Check: LazyData
Result: NOTE
     'LazyData' is specified without a 'data' directory
Flavors: r-devel-linux-x86_64-debian-clang, r-devel-linux-x86_64-debian-gcc, r-devel-linux-x86_64-fedora-clang, r-devel-linux-x86_64-fedora-gcc, r-devel-windows-x86_64-new-UL, r-devel-windows-x86_64-new-TK, r-patched-linux-x86_64, r-release-linux-x86_64, r-release-macos-arm64, r-release-macos-x86_64, r-release-windows-ix86+x86_64