CRAN Package Check Results for Package gWidgets2

Last updated on 2024-02-29 04:05:52 CET.

Flavor Version Tinstall Tcheck Ttotal Status Flags
r-devel-linux-x86_64-debian-clang 1.0-9 10.28 65.14 75.42 NOTE
r-devel-linux-x86_64-debian-gcc 1.0-9 9.26 48.72 57.98 NOTE
r-devel-linux-x86_64-fedora-clang 1.0-9 92.27 NOTE
r-devel-linux-x86_64-fedora-gcc 1.0-9 89.80 NOTE
r-devel-windows-x86_64 1.0-9 11.00 80.00 91.00 OK
r-patched-linux-x86_64 1.0-9 12.25 63.35 75.60 OK
r-release-linux-x86_64 1.0-9 10.16 63.79 73.95 OK
r-release-macos-arm64 1.0-9 31.00 OK
r-release-macos-x86_64 1.0-9 44.00 OK
r-release-windows-x86_64 1.0-9 10.00 89.00 99.00 OK
r-oldrel-macos-arm64 1.0-9 30.00 OK
r-oldrel-windows-x86_64 1.0-9 17.00 71.00 88.00 OK

Check Details

Version: 1.0-9
Check: Rd files
Result: NOTE checkRd: (-1) add.Rd:37: Lost braces; missing escapes or markup? 37 | Cartesian pair in {-1,0,1} x {-1, 0, 1}.} | ^ checkRd: (-1) add.Rd:37: Lost braces; missing escapes or markup? 37 | Cartesian pair in {-1,0,1} x {-1, 0, 1}.} | ^ checkRd: (-1) gWidgets2-package.Rd:166: Lost braces 166 | \code{\link{tooltip}}, \code{\link{tooltip<-}}{A tooltip provides contextual information when a mouse hovers over an object} | ^ checkRd: (-1) gfile.Rd:72: Lost braces in \itemize; meant \describe ? checkRd: (-1) gfile.Rd:73-80: Lost braces in \itemize; meant \describe ? checkRd: (-1) gmenu.Rd:68: Lost braces; missing escapes or markup? 68 | Cartesian pair in {-1,0,1} x {-1, 0, 1}.} | ^ checkRd: (-1) gmenu.Rd:68: Lost braces; missing escapes or markup? 68 | Cartesian pair in {-1,0,1} x {-1, 0, 1}.} | ^ checkRd: (-1) gnotebook.Rd:61: Lost braces; missing escapes or markup? 61 | Cartesian pair in {-1,0,1} x {-1, 0, 1}.} | ^ checkRd: (-1) gnotebook.Rd:61: Lost braces; missing escapes or markup? 61 | Cartesian pair in {-1,0,1} x {-1, 0, 1}.} | ^ checkRd: (-1) gtoolbar.Rd:62: Lost braces; missing escapes or markup? 62 | Cartesian pair in {-1,0,1} x {-1, 0, 1}.} | ^ checkRd: (-1) gtoolbar.Rd:62: Lost braces; missing escapes or markup? 62 | Cartesian pair in {-1,0,1} x {-1, 0, 1}.} | ^ checkRd: (-1) gwindow.Rd:44: Lost braces 44 | \item{visible}{logical. If code{TRUE} window is drawn when | ^ checkRd: (-1) gwindow.Rd:92: Lost braces; missing escapes or markup? 92 | Cartesian pair in {-1,0,1} x {-1, 0, 1}.} | ^ checkRd: (-1) gwindow.Rd:92: Lost braces; missing escapes or markup? 92 | Cartesian pair in {-1,0,1} x {-1, 0, 1}.} | ^ Flavors: r-devel-linux-x86_64-debian-clang, r-devel-linux-x86_64-debian-gcc, r-devel-linux-x86_64-fedora-clang, r-devel-linux-x86_64-fedora-gcc