Last updated on 2022-06-28 03:51:33 CEST.
Flavor | Version | Tinstall | Tcheck | Ttotal | Status | Flags |
---|---|---|---|---|---|---|
r-devel-linux-x86_64-debian-clang | 3.0.4 | 17.62 | 148.06 | 165.68 | OK | |
r-devel-linux-x86_64-debian-gcc | 3.0.4 | 10.57 | 109.17 | 119.74 | OK | |
r-devel-linux-x86_64-fedora-clang | 3.0.4 | 197.91 | NOTE | |||
r-devel-linux-x86_64-fedora-gcc | 3.0.4 | 198.81 | NOTE | |||
r-devel-windows-x86_64 | 3.0.4 | 22.00 | 163.00 | 185.00 | OK | |
r-patched-linux-x86_64 | 3.0.4 | 13.16 | 140.02 | 153.18 | OK | |
r-release-linux-x86_64 | 3.0.4 | 10.52 | 141.93 | 152.45 | OK | |
r-release-macos-arm64 | 3.0.4 | 50.00 | NOTE | |||
r-release-macos-x86_64 | 3.0.4 | 106.00 | NOTE | |||
r-release-windows-x86_64 | 3.0.4 | 22.00 | 162.00 | 184.00 | OK | |
r-oldrel-macos-arm64 | 3.0.4 | 70.00 | NOTE | |||
r-oldrel-macos-x86_64 | 3.0.4 | 101.00 | NOTE | |||
r-oldrel-windows-ix86+x86_64 | 3.0.4 | 38.00 | 163.00 | 201.00 | OK |
Version: 3.0.4
Check: dependencies in R code
Result: NOTE
Namespace in Imports field not imported from: ‘dplyr’
All declared Imports should be used.
Flavors: r-devel-linux-x86_64-fedora-clang, r-devel-linux-x86_64-fedora-gcc, r-release-macos-arm64, r-release-macos-x86_64, r-oldrel-macos-arm64, r-oldrel-macos-x86_64