CRAN Package Check Results for Package gRbase

Last updated on 2021-11-27 03:57:59 CET.

Flavor Version Tinstall Tcheck Ttotal Status Flags
r-devel-linux-x86_64-debian-clang 1.8-6.7 261.08 151.72 412.80 OK
r-devel-linux-x86_64-debian-gcc 1.8-6.7 201.07 118.48 319.55 OK
r-devel-linux-x86_64-fedora-clang 1.8-6.7 626.88 NOTE
r-devel-linux-x86_64-fedora-gcc 1.8-6.7 570.10 OK
r-devel-windows-x86_64-new-UL 1.8-6.7 371.00 363.00 734.00 OK
r-devel-windows-x86_64-new-TK 1.8-6.7 OK
r-devel-windows-x86_64-old 1.8-6.7 270.00 318.00 588.00 OK
r-patched-linux-x86_64 1.8-6.7 245.87 151.65 397.52 OK
r-patched-solaris-x86 1.8-6.7 578.80 OK
r-release-linux-x86_64 1.8-6.7 OK
r-release-macos-arm64 1.8-6.7 NOTE
r-release-macos-x86_64 1.8-6.7 NOTE
r-release-windows-ix86+x86_64 1.8-6.7 662.00 208.00 870.00 NOTE
r-oldrel-macos-x86_64 1.8-6.7 NOTE
r-oldrel-windows-ix86+x86_64 1.8-6.7 484.00 272.00 756.00 NOTE

Check Details

Version: 1.8-6.7
Check: installed package size
Result: NOTE
     installed size is 12.8Mb
     sub-directories of 1Mb or more:
     libs 10.8Mb
Flavors: r-devel-linux-x86_64-fedora-clang, r-release-macos-arm64, r-release-macos-x86_64, r-release-windows-ix86+x86_64, r-oldrel-macos-x86_64, r-oldrel-windows-ix86+x86_64