CRAN Package Check Results for Package fuzzyjoin

Last updated on 2024-07-13 15:49:00 CEST.

Flavor Version Tinstall Tcheck Ttotal Status Flags
r-devel-linux-x86_64-debian-clang 0.1.6 4.96 139.48 144.44 NOTE
r-devel-linux-x86_64-debian-gcc 0.1.6 4.12 103.95 108.07 NOTE
r-devel-linux-x86_64-fedora-clang 0.1.6 186.48 NOTE
r-devel-linux-x86_64-fedora-gcc 0.1.6 186.34 NOTE
r-devel-windows-x86_64 0.1.6 6.00 114.00 120.00 NOTE
r-patched-linux-x86_64 0.1.6 8.47 136.14 144.61 NOTE
r-release-linux-x86_64 0.1.6 5.93 133.64 139.57 NOTE
r-release-macos-arm64 0.1.6 62.00 NOTE
r-release-macos-x86_64 0.1.6 95.00 NOTE
r-release-windows-x86_64 0.1.6 6.00 116.00 122.00 NOTE
r-oldrel-macos-arm64 0.1.6 67.00 OK
r-oldrel-macos-x86_64 0.1.6 96.00 OK
r-oldrel-windows-x86_64 0.1.6 8.00 138.00 146.00 OK

Additional issues

noSuggests

Check Details

Version: 0.1.6
Check: Rd files
Result: NOTE checkRd: (-1) misspellings.Rd:18: Lost braces 18 | This is a code{tbl_df} mapping misspellings of their words, compiled by | ^ Flavors: r-devel-linux-x86_64-debian-clang, r-devel-linux-x86_64-debian-gcc, r-devel-linux-x86_64-fedora-clang, r-devel-linux-x86_64-fedora-gcc, r-devel-windows-x86_64, r-patched-linux-x86_64, r-release-linux-x86_64, r-release-macos-arm64, r-release-macos-x86_64, r-release-windows-x86_64

Version: 0.1.6
Check: Rd cross-references
Result: NOTE Found the following Rd file(s) with Rd \link{} targets missing package anchors: regex_join.Rd: str_detect stringdist_join.Rd: stringdist Please provide package anchors for all Rd \link{} targets not in the package itself and the base packages. Flavor: r-devel-windows-x86_64