CRAN Package Check Results for Package fuzzyjoin

Last updated on 2022-01-19 04:48:24 CET.

Flavor Version Tinstall Tcheck Ttotal Status Flags
r-devel-linux-x86_64-debian-clang 0.1.6 5.18 157.53 162.71 OK
r-devel-linux-x86_64-debian-gcc 0.1.6 4.49 114.57 119.06 OK
r-devel-linux-x86_64-fedora-clang 0.1.6 190.64 OK
r-devel-linux-x86_64-fedora-gcc 0.1.6 171.03 OK
r-devel-windows-x86_64-new-UL 0.1.6 57.00 176.00 233.00 OK
r-devel-windows-x86_64-new-TK 0.1.6 OK
r-patched-linux-x86_64 0.1.6 8.49 129.09 137.58 OK
r-release-linux-x86_64 0.1.6 OK
r-release-macos-arm64 0.1.6 OK
r-release-macos-x86_64 0.1.6 OK
r-release-windows-ix86+x86_64 0.1.6 15.00 155.00 170.00 OK
r-oldrel-macos-x86_64 0.1.6 OK
r-oldrel-windows-ix86+x86_64 0.1.6 37.00 8.00 45.00 ERROR

Check Details

Version: 0.1.6
Check: whether package can be installed
Result: ERROR
    Installation failed.
Flavor: r-oldrel-windows-ix86+x86_64