CRAN Package Check Results for Package fuzzyforest

Last updated on 2021-10-24 03:51:09 CEST.

Flavor Version Tinstall Tcheck Ttotal Status Flags
r-devel-linux-x86_64-debian-clang 1.0.8 4.99 190.40 195.39 OK
r-devel-linux-x86_64-debian-gcc 1.0.8 4.41 144.90 149.31 OK
r-devel-linux-x86_64-fedora-clang 1.0.8 239.36 OK
r-devel-linux-x86_64-fedora-gcc 1.0.8 229.02 OK
r-devel-windows-x86_64 1.0.8 31.00 218.00 249.00 OK
r-devel-windows-x86_64-gcc10-UCRT 1.0.8 OK
r-patched-linux-x86_64 1.0.8 5.78 186.95 192.73 OK
r-patched-solaris-x86 1.0.8 325.20 OK
r-release-linux-x86_64 1.0.8 5.25 182.70 187.95 OK
r-release-macos-arm64 1.0.8 NOTE
r-release-macos-x86_64 1.0.8 NOTE
r-release-windows-ix86+x86_64 1.0.8 37.00 214.00 251.00 OK
r-oldrel-macos-x86_64 1.0.8 OK
r-oldrel-windows-ix86+x86_64 1.0.8 45.00 276.00 321.00 OK

Check Details

Version: 1.0.8
Check: package dependencies
Result: NOTE
    Package suggested but not available for checking: ‘WGCNA’
Flavors: r-release-macos-arm64, r-release-macos-x86_64