CRAN Package Check Results for Package fuzzr

Last updated on 2022-01-25 15:54:18 CET.

Flavor Version Tinstall Tcheck Ttotal Status Flags
r-devel-linux-x86_64-debian-clang 0.2.2 1.87 46.29 48.16 NOTE
r-devel-linux-x86_64-debian-gcc 0.2.2 1.93 35.34 37.27 NOTE
r-devel-linux-x86_64-fedora-clang 0.2.2 59.06 NOTE
r-devel-linux-x86_64-fedora-gcc 0.2.2 47.93 NOTE
r-devel-windows-x86_64-new-UL 0.2.2 25.00 63.00 88.00 NOTE
r-devel-windows-x86_64-new-TK 0.2.2 NOTE
r-patched-linux-x86_64 0.2.2 2.29 44.07 46.36 NOTE
r-release-linux-x86_64 0.2.2 2.34 43.38 45.72 NOTE
r-release-macos-arm64 0.2.2 NOTE
r-release-macos-x86_64 0.2.2 NOTE
r-release-windows-ix86+x86_64 0.2.2 6.00 54.00 60.00 NOTE
r-oldrel-macos-x86_64 0.2.2 OK
r-oldrel-windows-ix86+x86_64 0.2.2 6.00 58.00 64.00 OK

Check Details

Version: 0.2.2
Check: LazyData
Result: NOTE
     'LazyData' is specified without a 'data' directory
Flavors: r-devel-linux-x86_64-debian-clang, r-devel-linux-x86_64-debian-gcc, r-devel-linux-x86_64-fedora-clang, r-devel-linux-x86_64-fedora-gcc, r-devel-windows-x86_64-new-UL, r-devel-windows-x86_64-new-TK, r-patched-linux-x86_64, r-release-linux-x86_64, r-release-macos-arm64, r-release-macos-x86_64, r-release-windows-ix86+x86_64