CRAN Package Check Results for Package future.batchtools

Last updated on 2022-06-25 15:51:21 CEST.

Flavor Version Tinstall Tcheck Ttotal Status Flags
r-devel-linux-x86_64-debian-clang 0.10.0 4.96 332.93 337.89 OK
r-devel-linux-x86_64-debian-gcc 0.10.0 4.50 241.85 246.35 OK
r-devel-linux-x86_64-fedora-clang 0.10.0 389.36 NOTE
r-devel-linux-x86_64-fedora-gcc 0.10.0 460.07 OK
r-devel-windows-x86_64 0.10.0 80.00 360.00 440.00 OK
r-patched-linux-x86_64 0.10.0 8.05 304.20 312.25 OK
r-release-linux-x86_64 0.10.0 5.17 300.08 305.25 OK
r-release-macos-arm64 0.10.0 116.00 OK
r-release-macos-x86_64 0.10.0 191.00 OK
r-release-windows-x86_64 0.10.0 56.00 363.00 419.00 OK
r-oldrel-macos-arm64 0.10.0 140.00 OK
r-oldrel-macos-x86_64 0.10.0 185.00 OK
r-oldrel-windows-ix86+x86_64 0.10.0 14.00 365.00 379.00 OK

Check Details

Version: 0.10.0
Check: Rd cross-references
Result: NOTE
    Undeclared package ‘globals’ in Rd xrefs
Flavor: r-devel-linux-x86_64-fedora-clang