CRAN Package Check Results for Package fuser

Last updated on 2021-10-17 03:52:03 CEST.

Flavor Version Tinstall Tcheck Ttotal Status Flags
r-devel-linux-x86_64-debian-clang 1.0.1 31.94 103.69 135.63 NOTE
r-devel-linux-x86_64-debian-gcc 1.0.1 25.75 82.63 108.38 NOTE
r-devel-linux-x86_64-fedora-clang 1.0.1 190.36 NOTE
r-devel-linux-x86_64-fedora-gcc 1.0.1 173.49 NOTE
r-devel-windows-x86_64 1.0.1 50.00 145.00 195.00 NOTE
r-devel-windows-x86_64-gcc10-UCRT 1.0.1 NOTE
r-patched-linux-x86_64 1.0.1 33.06 101.13 134.19 NOTE
r-patched-solaris-x86 1.0.1 258.00 NOTE
r-release-linux-x86_64 1.0.1 31.91 101.28 133.19 NOTE
r-release-macos-arm64 1.0.1 NOTE
r-release-macos-x86_64 1.0.1 NOTE
r-release-windows-ix86+x86_64 1.0.1 62.00 205.00 267.00 NOTE
r-oldrel-macos-x86_64 1.0.1 NOTE
r-oldrel-windows-ix86+x86_64 1.0.1 85.00 195.00 280.00 OK

Check Details

Version: 1.0.1
Check: LazyData
Result: NOTE
     'LazyData' is specified without a 'data' directory
Flavors: r-devel-linux-x86_64-debian-clang, r-devel-linux-x86_64-debian-gcc, r-devel-linux-x86_64-fedora-clang, r-devel-linux-x86_64-fedora-gcc, r-devel-windows-x86_64, r-devel-windows-x86_64-gcc10-UCRT, r-patched-linux-x86_64, r-patched-solaris-x86, r-release-linux-x86_64, r-release-macos-arm64, r-release-macos-x86_64, r-release-windows-ix86+x86_64

Version: 1.0.1
Check: installed package size
Result: NOTE
     installed size is 5.6Mb
     sub-directories of 1Mb or more:
     libs 5.4Mb
Flavors: r-release-macos-arm64, r-release-macos-x86_64, r-oldrel-macos-x86_64