Last updated on 2022-05-22 03:51:25 CEST.
Flavor | Version | Tinstall | Tcheck | Ttotal | Status | Flags |
---|---|---|---|---|---|---|
r-devel-linux-x86_64-debian-clang | 8.2 | 6.63 | 208.90 | 215.53 | OK | |
r-devel-linux-x86_64-debian-gcc | 8.2 | 5.67 | 141.18 | 146.85 | OK | |
r-devel-linux-x86_64-fedora-clang | 8.2 | 238.74 | NOTE | |||
r-devel-linux-x86_64-fedora-gcc | 8.2 | 255.99 | NOTE | |||
r-devel-windows-x86_64 | 8.2 | 34.00 | 227.00 | 261.00 | OK | |
r-patched-linux-x86_64 | 8.2 | 6.42 | 199.18 | 205.60 | OK | |
r-release-linux-x86_64 | 8.2 | 6.16 | 200.63 | 206.79 | OK | |
r-release-macos-arm64 | 8.2 | 61.00 | NOTE | |||
r-release-macos-x86_64 | 8.2 | 75.00 | NOTE | |||
r-release-windows-x86_64 | 8.2 | 33.00 | 243.00 | 276.00 | OK | |
r-oldrel-macos-arm64 | 8.2 | 60.00 | NOTE | |||
r-oldrel-macos-x86_64 | 8.2 | 77.00 | NOTE | |||
r-oldrel-windows-ix86+x86_64 | 8.2 | 13.00 | 220.00 | 233.00 | OK |
Version: 8.2
Check: dependencies in R code
Result: NOTE
Namespaces in Imports field not imported from:
‘FNN’ ‘igraph’
All declared Imports should be used.
Flavors: r-devel-linux-x86_64-fedora-clang, r-devel-linux-x86_64-fedora-gcc, r-release-macos-arm64, r-release-macos-x86_64, r-oldrel-macos-arm64, r-oldrel-macos-x86_64