CRAN Package Check Results for Package funFEM

Last updated on 2022-10-01 15:52:52 CEST.

Flavor Version Tinstall Tcheck Ttotal Status Flags
r-devel-linux-x86_64-debian-clang 1.2 10.30 84.93 95.23 OK
r-devel-linux-x86_64-debian-gcc 1.2 8.93 65.39 74.32 OK
r-devel-linux-x86_64-fedora-clang 1.2 129.38 NOTE
r-devel-linux-x86_64-fedora-gcc 1.2 137.44 NOTE
r-devel-windows-x86_64 1.2 13.00 114.00 127.00 OK
r-patched-linux-x86_64 1.2 8.47 83.18 91.65 OK
r-release-linux-x86_64 1.2 6.78 83.79 90.57 OK
r-release-macos-arm64 1.2 38.00 NOTE
r-release-macos-x86_64 1.2 61.00 NOTE
r-release-windows-x86_64 1.2 14.00 116.00 130.00 OK
r-oldrel-macos-arm64 1.2 35.00 NOTE
r-oldrel-macos-x86_64 1.2 52.00 NOTE
r-oldrel-windows-ix86+x86_64 1.2 23.00 106.00 129.00 OK

Check Details

Version: 1.2
Check: data for non-ASCII characters
Result: NOTE
     Note: found 120 marked UTF-8 strings
Flavors: r-devel-linux-x86_64-fedora-clang, r-devel-linux-x86_64-fedora-gcc, r-release-macos-arm64, r-release-macos-x86_64, r-oldrel-macos-arm64, r-oldrel-macos-x86_64