Last updated on 2023-05-30 16:00:32 CEST.
Flavor | Version | Tinstall | Tcheck | Ttotal | Status | Flags |
---|---|---|---|---|---|---|
r-devel-linux-x86_64-debian-clang | 1.6.2 | 47.59 | 70.07 | 117.66 | NOTE | |
r-devel-linux-x86_64-debian-gcc | 1.6.2 | 33.79 | 54.55 | 88.34 | NOTE | |
r-devel-linux-x86_64-fedora-clang | 1.6.2 | 169.82 | NOTE | |||
r-devel-linux-x86_64-fedora-gcc | 1.6.2 | 170.06 | NOTE | |||
r-devel-windows-x86_64 | 1.6.2 | 76.00 | 75.00 | 151.00 | NOTE | |
r-patched-linux-x86_64 | 1.6.2 | 39.12 | 67.69 | 106.81 | NOTE | |
r-release-linux-x86_64 | 1.6.2 | 38.59 | 66.91 | 105.50 | NOTE | |
r-release-macos-arm64 | 1.6.2 | 96.00 | NOTE | |||
r-release-macos-x86_64 | 1.6.1 | 112.00 | NOTE | |||
r-release-windows-x86_64 | 1.6.2 | 88.00 | 87.00 | 175.00 | NOTE | |
r-oldrel-macos-arm64 | 1.6.2 | 99.00 | NOTE | |||
r-oldrel-macos-x86_64 | 1.6.2 | 138.00 | NOTE | |||
r-oldrel-windows-x86_64 | 1.6.2 | 86.00 | 80.00 | 166.00 | NOTE |
Version: 1.6.2
Check: for GNU extensions in Makefiles
Result: NOTE
GNU make is a SystemRequirements.
Flavors: r-devel-linux-x86_64-debian-clang, r-devel-linux-x86_64-debian-gcc, r-devel-linux-x86_64-fedora-clang, r-devel-linux-x86_64-fedora-gcc, r-devel-windows-x86_64, r-patched-linux-x86_64, r-release-linux-x86_64, r-release-macos-arm64, r-release-windows-x86_64, r-oldrel-macos-arm64, r-oldrel-macos-x86_64, r-oldrel-windows-x86_64
Version: 1.6.1
Check: for GNU extensions in Makefiles
Result: NOTE
GNU make is a SystemRequirements.
Flavor: r-release-macos-x86_64