CRAN Package Check Results for Package frmqa

Last updated on 2022-01-20 15:56:57 CET.

Flavor Version Tinstall Tcheck Ttotal Status Flags
r-devel-linux-x86_64-debian-clang 0.1-5 NOTE
r-devel-linux-x86_64-debian-gcc 0.1-5 3.44 38.49 41.93 NOTE
r-devel-linux-x86_64-fedora-clang 0.1-5 64.97 NOTE
r-devel-linux-x86_64-fedora-gcc 0.1-5 55.07 NOTE
r-devel-windows-x86_64-new-UL 0.1-5 19.00 73.00 92.00 NOTE
r-devel-windows-x86_64-new-TK 0.1-5 NOTE
r-patched-linux-x86_64 0.1-5 5.90 47.53 53.43 NOTE
r-release-linux-x86_64 0.1-5 5.41 47.55 52.96 NOTE
r-release-macos-arm64 0.1-5 NOTE
r-release-macos-x86_64 0.1-5 NOTE
r-release-windows-ix86+x86_64 0.1-5 11.00 61.00 72.00 NOTE
r-oldrel-macos-x86_64 0.1-5 NOTE
r-oldrel-windows-ix86+x86_64 0.1-5 11.00 60.00 71.00 NOTE

Check Details

Version: 0.1-5
Check: dependencies in R code
Result: NOTE
    Packages in Depends field not imported from:
     'Rmpfr' 'partitions'
     These packages need to be imported from (in the NAMESPACE file)
     for when this namespace is loaded but not attached.
Flavors: r-devel-linux-x86_64-debian-clang, r-devel-linux-x86_64-debian-gcc, r-devel-linux-x86_64-fedora-clang, r-devel-linux-x86_64-fedora-gcc, r-devel-windows-x86_64-new-UL, r-devel-windows-x86_64-new-TK, r-patched-linux-x86_64, r-release-linux-x86_64, r-release-macos-arm64, r-release-macos-x86_64, r-release-windows-ix86+x86_64, r-oldrel-macos-x86_64, r-oldrel-windows-ix86+x86_64

Version: 0.1-5
Check: R code for possible problems
Result: NOTE
    Bell : nways: no visible global function definition for 'setparts'
    Bell: no visible global function definition for 'restrictedparts'
    CalIncLapInt : Deriv: no visible global function definition for 'D'
    CalIncLapInt: no visible global function definition for 'is.whole'
    CalIncLapInt: no visible global function definition for 'mpfr'
    CalIncLapInt: no visible global function definition for 'chooseMpfr'
    derivErfc : Deriv: no visible global function definition for 'D'
    derivErfc : Erfc: no visible global function definition for 'pnorm'
    Undefined global functions or variables:
     D chooseMpfr is.whole mpfr pnorm restrictedparts setparts
    Consider adding
     importFrom("stats", "D", "pnorm")
    to your NAMESPACE file.
Flavors: r-devel-linux-x86_64-debian-clang, r-devel-linux-x86_64-debian-gcc, r-devel-linux-x86_64-fedora-clang, r-devel-linux-x86_64-fedora-gcc, r-devel-windows-x86_64-new-UL, r-devel-windows-x86_64-new-TK, r-patched-linux-x86_64, r-release-linux-x86_64, r-release-macos-arm64, r-release-macos-x86_64, r-release-windows-ix86+x86_64, r-oldrel-macos-x86_64, r-oldrel-windows-ix86+x86_64