CRAN Package Check Results for Package frictionless

Last updated on 2024-07-21 03:55:23 CEST.

Flavor Version Tinstall Tcheck Ttotal Status Flags
r-devel-linux-x86_64-debian-clang 1.1.0 5.31 69.38 74.69 OK
r-devel-linux-x86_64-debian-gcc 1.1.0 3.62 52.14 55.76 OK
r-devel-linux-x86_64-fedora-clang 1.1.0 93.34 OK
r-devel-linux-x86_64-fedora-gcc 1.1.0 99.78 OK
r-devel-windows-x86_64 1.1.0 8.00 75.00 83.00 NOTE
r-patched-linux-x86_64 1.1.0 9.09 65.44 74.53 OK
r-release-linux-x86_64 1.1.0 3.27 64.03 67.30 OK
r-release-macos-arm64 1.1.0 39.00 OK
r-release-macos-x86_64 1.1.0 58.00 OK
r-release-windows-x86_64 1.1.0 6.00 74.00 80.00 OK
r-oldrel-macos-arm64 1.1.0 45.00 OK
r-oldrel-macos-x86_64 1.1.0 92.00 OK
r-oldrel-windows-x86_64 1.1.0 7.00 81.00 88.00 OK

Check Details

Version: 1.1.0
Check: Rd cross-references
Result: NOTE Found the following Rd file(s) with Rd \link{} targets missing package anchors: read_resource.Rd: tibble Please provide package anchors for all Rd \link{} targets not in the package itself and the base packages. Flavor: r-devel-windows-x86_64