CRAN Package Check Results for Package frailtypack

Last updated on 2022-01-25 04:00:02 CET.

Flavor Version Tinstall Tcheck Ttotal Status Flags
r-devel-linux-x86_64-debian-clang 3.5.0 234.60 300.20 534.80 OK
r-devel-linux-x86_64-debian-gcc 3.5.0 216.96 221.85 438.81 OK
r-devel-linux-x86_64-fedora-clang 3.5.0 712.67 NOTE
r-devel-linux-x86_64-fedora-gcc 3.5.0 699.43 OK
r-devel-windows-x86_64-new-UL 3.5.0 604.00 321.00 925.00 NOTE
r-devel-windows-x86_64-new-TK 3.5.0 ERROR
r-patched-linux-x86_64 3.5.0 180.91 283.60 464.51 OK
r-release-linux-x86_64 3.5.0 166.30 286.35 452.65 OK
r-release-macos-arm64 3.5.0 NOTE
r-release-macos-x86_64 3.5.0 NOTE
r-release-windows-ix86+x86_64 3.5.0 578.00 374.00 952.00 NOTE
r-oldrel-macos-x86_64 3.5.0 NOTE
r-oldrel-windows-ix86+x86_64 3.5.0 581.00 366.00 947.00 NOTE

Check Details

Version: 3.5.0
Check: installed package size
Result: NOTE
     installed size is 11.9Mb
     sub-directories of 1Mb or more:
     R 1.2Mb
     help 2.2Mb
     libs 7.5Mb
Flavors: r-devel-linux-x86_64-fedora-clang, r-devel-windows-x86_64-new-UL, r-release-macos-arm64, r-release-macos-x86_64, r-release-windows-ix86+x86_64, r-oldrel-macos-x86_64, r-oldrel-windows-ix86+x86_64

Version: 3.5.0
Check: package dependencies
Result: ERROR
    Package required but not available: 'doBy'
    
    See section 'The DESCRIPTION file' in the 'Writing R Extensions'
    manual.
Flavor: r-devel-windows-x86_64-new-TK