CRAN Package Check Results for Package fractD

Last updated on 2024-07-12 15:52:47 CEST.

Flavor Version Tinstall Tcheck Ttotal Status Flags
r-devel-linux-x86_64-debian-clang 0.1.0 3.00 54.73 57.73 NOTE
r-devel-linux-x86_64-debian-gcc 0.1.0 1.97 41.97 43.94 NOTE
r-devel-linux-x86_64-fedora-clang 0.1.0 75.74 NOTE
r-devel-linux-x86_64-fedora-gcc 0.1.0 84.02 NOTE
r-devel-windows-x86_64 0.1.0 4.00 72.00 76.00 NOTE
r-patched-linux-x86_64 0.1.0 2.25 51.82 54.07 NOTE
r-release-linux-x86_64 0.1.0 2.73 52.98 55.71 NOTE
r-release-macos-arm64 0.1.0 32.00 NOTE
r-release-macos-x86_64 0.1.0 53.00 NOTE
r-release-windows-x86_64 0.1.0 4.00 75.00 79.00 NOTE
r-oldrel-macos-arm64 0.1.0 35.00 NOTE
r-oldrel-macos-x86_64 0.1.0 49.00 NOTE
r-oldrel-windows-x86_64 0.1.0 4.00 72.00 76.00 NOTE

Check Details

Version: 0.1.0
Check: LazyData
Result: NOTE 'LazyData' is specified without a 'data' directory Flavors: r-devel-linux-x86_64-debian-clang, r-devel-linux-x86_64-debian-gcc, r-devel-linux-x86_64-fedora-clang, r-devel-linux-x86_64-fedora-gcc, r-devel-windows-x86_64, r-patched-linux-x86_64, r-release-linux-x86_64, r-release-macos-arm64, r-release-macos-x86_64, r-release-windows-x86_64, r-oldrel-macos-arm64, r-oldrel-macos-x86_64, r-oldrel-windows-x86_64