CRAN Package Check Results for Package forplo

Last updated on 2023-02-05 15:55:14 CET.

Flavor Version Tinstall Tcheck Ttotal Status Flags
r-devel-linux-x86_64-debian-clang 0.2.0 2.69 34.34 37.03 OK
r-devel-linux-x86_64-debian-gcc 0.2.0 2.20 25.77 27.97 OK
r-devel-linux-x86_64-fedora-clang 0.2.0 47.18 OK
r-devel-linux-x86_64-fedora-gcc 0.2.0 55.30 OK
r-devel-windows-x86_64 0.2.0 12.00 67.00 79.00 OK
r-patched-linux-x86_64 0.2.0 2.74 33.48 36.22 OK
r-release-linux-x86_64 0.2.0 2.21 34.32 36.53 OK
r-release-macos-arm64 0.2.0 22.00 OK
r-release-macos-x86_64 0.2.0 33.00 OK
r-release-windows-x86_64 0.2.0 11.00 67.00 78.00 OK
r-oldrel-macos-arm64 0.2.0 21.00 OK
r-oldrel-macos-x86_64 0.2.0 30.00 OK
r-oldrel-windows-ix86+x86_64 0.2.0 7.00 59.00 66.00 WARN

Check Details

Version: 0.2.0
Check: re-building of vignette outputs
Result: WARN
    Error(s) in re-building vignettes:
    --- re-building 'forplo_vignette.Rmd' using rmarkdown
    Warning in doTryCatch(return(expr), name, parentenv, handler) :
     font family not found in Windows font database
    Warning in doTryCatch(return(expr), name, parentenv, handler) :
     font family not found in Windows font database
    Warning in doTryCatch(return(expr), name, parentenv, handler) :
     font family not found in Windows font database
    Warning in doTryCatch(return(expr), name, parentenv, handler) :
     font family not found in Windows font database
    Warning in doTryCatch(return(expr), name, parentenv, handler) :
     font family not found in Windows font database
    Warning in doTryCatch(return(expr), name, parentenv, handler) :
     font family not found in Windows font database
    Warning in doTryCatch(return(expr), name, parentenv, handler) :
     font family not found in Windows font database
    Warning in doTryCatch(return(expr), name, parentenv, handler) :
     font family not found in Windows font database
    Warning in doTryCatch(return(expr), name, parentenv, handler) :
     font family not found in Windows font database
    Warning in doTryCatch(return(expr), name, parentenv, handler) :
     font family not found in Windows font database
    Warning in doTryCatch(return(expr), name, parentenv, handler) :
     font family not found in Windows font database
    Warning in doTryCatch(return(expr), name, parentenv, handler) :
     font family not found in Windows font database
    Warning in doTryCatch(return(expr), name, parentenv, handler) :
     font family not found in Windows font database
    Warning in doTryCatch(return(expr), name, parentenv, handler) :
     font family not found in Windows font database
    Warning in doTryCatch(return(expr), name, parentenv, handler) :
     font family not found in Windows font database
    Warning in doTryCatch(return(expr), name, parentenv, handler) :
     font family not found in Windows font database
    Warning in doTryCatch(return(expr), name, parentenv, handler) :
     font family not found in Windows font database
    Warning in doTryCatch(return(expr), name, parentenv, handler) :
     font family not found in Windows font database
    Warning in doTryCatch(return(expr), name, parentenv, handler) :
     font family not found in Windows font database
    Warning in doTryCatch(return(expr), name, parentenv, handler) :
     font family not found in Windows font database
    Warning in doTryCatch(return(expr), name, parentenv, handler) :
     font family not found in Windows font database
    Warning in doTryCatch(return(expr), name, parentenv, handler) :
     font family not found in Windows font database
    Warning in doTryCatch(return(expr), name, parentenv, handler) :
     font family not found in Windows font database
    Warning in doTryCatch(return(expr), name, parentenv, handler) :
     font family not found in Windows font database
    Warning in doTryCatch(return(expr), name, parentenv, handler) :
     font family not found in Windows font database
    Warning in doTryCatch(return(expr), name, parentenv, handler) :
     font family not found in Windows font database
    Warning in doTryCatch(return(expr), name, parentenv, handler) :
     font family not found in Windows font database
    Warning in doTryCatch(return(expr), name, parentenv, handler) :
     font family not found in Windows font database
    Warning in doTryCatch(return(expr), name, parentenv, handler) :
     font family not found in Windows font database
    Warning in doTryCatch(return(expr), name, parentenv, handler) :
     font family not found in Windows font database
    Warning in doTryCatch(return(expr), name, parentenv, handler) :
     font family not found in Windows font database
    Warning in doTryCatch(return(expr), name, parentenv, handler) :
     font family not found in Windows font database
    Error: processing vignette 'forplo_vignette.Rmd' failed with diagnostics:
    object 'preview_math' not found
    --- failed re-building 'forplo_vignette.Rmd'
    
    SUMMARY: processing the following file failed:
     'forplo_vignette.Rmd'
    
    Error: Vignette re-building failed.
    Execution halted
Flavor: r-oldrel-windows-ix86+x86_64