CRAN Package Check Results for Package formula.tools

Last updated on 2023-04-01 15:51:53 CEST.

Flavor Version Tinstall Tcheck Ttotal Status Flags
r-devel-linux-x86_64-debian-clang 1.7.1 3.71 30.70 34.41 NOTE
r-devel-linux-x86_64-debian-gcc 1.7.1 2.91 24.00 26.91 NOTE
r-devel-linux-x86_64-fedora-clang 1.7.1 43.41 NOTE
r-devel-linux-x86_64-fedora-gcc 1.7.1 40.73 NOTE
r-devel-windows-x86_64 1.7.1 9.00 60.00 69.00 NOTE
r-patched-linux-x86_64 1.7.1 2.95 29.48 32.43 NOTE
r-release-linux-x86_64 1.7.1 3.49 30.38 33.87 NOTE
r-release-macos-arm64 1.7.1 17.00 NOTE
r-release-macos-x86_64 1.7.1 24.00 NOTE
r-release-windows-x86_64 1.7.1 53.00 62.00 115.00 NOTE
r-oldrel-macos-arm64 1.7.1 23.00 NOTE
r-oldrel-macos-x86_64 1.7.1 32.00 NOTE
r-oldrel-windows-ix86+x86_64 1.7.1 7.00 56.00 63.00 NOTE

Check Details

Version: 1.7.1
Check: LazyData
Result: NOTE
     'LazyData' is specified without a 'data' directory
Flavors: r-devel-linux-x86_64-debian-clang, r-devel-linux-x86_64-debian-gcc, r-devel-linux-x86_64-fedora-clang, r-devel-linux-x86_64-fedora-gcc, r-devel-windows-x86_64, r-patched-linux-x86_64, r-release-linux-x86_64, r-release-macos-arm64, r-release-macos-x86_64, r-release-windows-x86_64, r-oldrel-macos-arm64, r-oldrel-macos-x86_64, r-oldrel-windows-ix86+x86_64